CRAN Package Check Results for Package gifski

Last updated on 2019-11-12 00:52:44 CET.

Flavor Version Tinstall Tcheck Ttotal Status Flags
r-devel-linux-x86_64-debian-clang 0.8.6 206.82 17.80 224.62 OK
r-devel-linux-x86_64-debian-gcc 0.8.6 150.45 14.38 164.83 OK
r-devel-linux-x86_64-fedora-clang 0.8.6 344.26 OK
r-devel-linux-x86_64-fedora-gcc 0.8.6 356.82 OK
r-devel-windows-ix86+x86_64 0.8.6 18.00 50.00 68.00 OK
r-patched-linux-x86_64 0.8.6 205.85 17.44 223.29 OK
r-release-linux-x86_64 0.8.6 207.73 17.51 225.24 OK
r-release-windows-ix86+x86_64 0.8.6 29.00 48.00 77.00 OK
r-release-osx-x86_64 0.8.6 NOTE
r-oldrel-windows-ix86+x86_64 0.8.6 20.00 66.00 86.00 OK
r-oldrel-osx-x86_64 0.8.6 NOTE

Check Details

Version: 0.8.6
Check: installed package size
Result: NOTE
     installed size is 6.8Mb
     sub-directories of 1Mb or more:
     libs 6.7Mb
Flavors: r-release-osx-x86_64, r-oldrel-osx-x86_64