CRAN Package Check Results for Package glmdisc

Last updated on 2019-05-20 00:47:49 CEST.

Flavor Version Tinstall Tcheck Ttotal Status Flags
r-devel-linux-x86_64-debian-clang 0.1 33.49 271.95 305.44 OK
r-devel-linux-x86_64-debian-gcc 0.1 30.27 204.38 234.65 OK
r-devel-linux-x86_64-fedora-clang 0.1 370.25 OK
r-devel-linux-x86_64-fedora-gcc 0.1 364.24 OK
r-devel-windows-ix86+x86_64 0.1 95.00 450.00 545.00 OK
r-patched-linux-x86_64 0.1 33.90 264.29 298.19 OK
r-patched-solaris-x86 0.1 267.80 WARN
r-release-linux-x86_64 0.1 34.15 263.48 297.63 OK
r-release-windows-ix86+x86_64 0.1 99.00 449.00 548.00 OK
r-release-osx-x86_64 0.1 OK
r-oldrel-windows-ix86+x86_64 0.1 99.00 414.00 513.00 OK
r-oldrel-osx-x86_64 0.1 OK

Check Details

Version: 0.1
Check: re-building of vignette outputs
Result: WARN
    Error(s) in re-building vignettes:
     ...
    --- re-building ‘glmdisc.Rmd’ using rmarkdown
    Warning in engine$weave(file, quiet = quiet, encoding = enc) :
     Pandoc (>= 1.12.3) and/or pandoc-citeproc not available. Falling back to R Markdown v1.
    Iteration 1 ended with a performance of aic = -Inf
    Iteration 2 ended with a performance of aic = -118.424562341931
    Iteration 3 ended with a performance of aic = -129.114204332099
    Iteration 4 ended with a performance of aic = -111.826561509232
    Iteration 5 ended with a performance of aic = -120.787075461193
    Iteration 6 ended with a performance of aic = -106.560488451988
    Iteration 7 ended with a performance of aic = -122.991950078008
    Iteration 8 ended with a performance of aic = -127.945089154071
    Iteration 9 ended with a performance of aic = -132.063976138736
    Iteration 10 ended with a performance of aic = -143.170750631673
    Iteration 11 ended with a performance of aic = -125.677630561622
    Iteration 12 ended with a performance of aic = -133.141856378431
    Iteration 13 ended with a performance of aic = -128.346702873331
    Iteration 14 ended with a performance of aic = -129.330065520135
    Iteration 15 ended with a performance of aic = -129.268461583808
    Iteration 16 ended with a performance of aic = -124.872463609901
    Iteration 17 ended with a performance of aic = -132.594330826968
    Iteration 18 ended with a performance of aic = -146.624896803604
    Iteration 19 ended with a performance of aic = -137.488135016677
    Iteration 20 ended with a performance of aic = -134.008951680274
    Iteration 21 ended with a performance of aic = -134.916220349052
    Iteration 22 ended with a performance of aic = -133.857709794807
    Iteration 23 ended with a performance of aic = -121.311326754771
    Iteration 24 ended with a performance of aic = -130.582909548949
    Iteration 25 ended with a performance of aic = -130.615036857838
    Quitting from lines 298-301 (glmdisc.Rmd)
    Error: processing vignette 'glmdisc.Rmd' failed with diagnostics:
    number of items to replace is not a multiple of replacement length
    --- failed re-building ‘glmdisc.Rmd’
    
    SUMMARY: processing the following file failed:
     ‘glmdisc.Rmd’
    
    Error: Vignette re-building failed.
    Execution halted
Flavor: r-patched-solaris-x86