CRAN Package Check Results for Package glmdisc

Last updated on 2019-07-16 00:48:09 CEST.

Flavor Version Tinstall Tcheck Ttotal Status Flags
r-devel-linux-x86_64-debian-clang 0.1 33.95 269.20 303.15 OK
r-devel-linux-x86_64-debian-gcc 0.1 30.41 204.42 234.83 OK
r-devel-linux-x86_64-fedora-clang 0.1 360.08 OK
r-devel-linux-x86_64-fedora-gcc 0.1 396.78 OK
r-devel-windows-ix86+x86_64 0.1 105.00 449.00 554.00 OK
r-patched-linux-x86_64 0.1 33.47 112.84 146.31 WARN
r-patched-solaris-x86 0.1 518.20 OK
r-release-linux-x86_64 0.1 34.69 265.05 299.74 OK
r-release-windows-ix86+x86_64 0.1 76.00 479.00 555.00 OK
r-release-osx-x86_64 0.1 OK
r-oldrel-windows-ix86+x86_64 0.1 89.00 438.00 527.00 OK
r-oldrel-osx-x86_64 0.1 OK

Check Details

Version: 0.1
Check: re-building of vignette outputs
Result: WARN
    Error(s) in re-building vignettes:
     ...
    --- re-building ‘glmdisc.Rmd’ using rmarkdown
    Iteration 1 ended with a performance of aic = -Inf
    Iteration 2 ended with a performance of aic = -142.370993411584
    Iteration 3 ended with a performance of aic = -140.228289719864
    Iteration 4 ended with a performance of aic = -109.134912998546
    Iteration 5 ended with a performance of aic = -134.297268595189
    Iteration 6 ended with a performance of aic = -145.72164545319
    Iteration 7 ended with a performance of aic = -141.536891684579
    Iteration 8 ended with a performance of aic = -136.652215859794
    Iteration 9 ended with a performance of aic = -139.893778165853
    Iteration 10 ended with a performance of aic = -132.560014890394
    Iteration 11 ended with a performance of aic = -132.272855094785
    Iteration 12 ended with a performance of aic = -133.5718309586
    Iteration 13 ended with a performance of aic = -127.310669064158
    Iteration 14 ended with a performance of aic = -139.009552337958
    Iteration 15 ended with a performance of aic = -140.463509895837
    Iteration 16 ended with a performance of aic = -129.116704177212
    Iteration 17 ended with a performance of aic = -137.598454627061
    Iteration 18 ended with a performance of aic = -129.648848423807
    Iteration 19 ended with a performance of aic = -120.748590124871
    Iteration 20 ended with a performance of aic = -126.470056270442
    Iteration 21 ended with a performance of aic = -119.59946301657
    Iteration 22 ended with a performance of aic = -115.560720384674
    Iteration 23 ended with a performance of aic = -125.235765463988
    Iteration 24 ended with a performance of aic = -122.833402395193
    Iteration 25 ended with a performance of aic = -128.403861103757
    Iteration 26 ended with a performance of aic = -126.582244508895
    Iteration 27 ended with a performance of aic = -130.735220059068
    Iteration 28 ended with a performance of aic = -119.585075160348
    Iteration 29 ended with a performance of aic = -130.141339334354
    Iteration 30 ended with a performance of aic = -133.457946429766
    Iteration 31 ended with a performance of aic = -122.077516238448
    Quitting from lines 298-301 (glmdisc.Rmd)
    Error: processing vignette 'glmdisc.Rmd' failed with diagnostics:
    number of items to replace is not a multiple of replacement length
    --- failed re-building ‘glmdisc.Rmd’
    
    SUMMARY: processing the following file failed:
     ‘glmdisc.Rmd’
    
    Error: Vignette re-building failed.
    Execution halted
Flavor: r-patched-linux-x86_64