CRAN Package Check Results for Package glogis

Last updated on 2020-07-11 00:48:50 CEST.

Flavor Version Tinstall Tcheck Ttotal Status Flags
r-devel-linux-x86_64-debian-clang 1.0-1 2.94 29.73 32.67 OK
r-devel-linux-x86_64-debian-gcc 1.0-1 2.04 23.16 25.20 OK
r-devel-linux-x86_64-fedora-clang 1.0-1 47.82 NOTE
r-devel-linux-x86_64-fedora-gcc 1.0-1 38.75 OK
r-devel-windows-ix86+x86_64 1.0-1 7.00 43.00 50.00 OK
r-patched-linux-x86_64 1.0-1 2.86 29.36 32.22 OK
r-patched-solaris-x86 1.0-1 58.30 OK
r-release-linux-x86_64 1.0-1 2.95 29.26 32.21 OK
r-release-osx-x86_64 1.0-1 OK
r-release-windows-ix86+x86_64 1.0-1 7.00 58.00 65.00 OK
r-oldrel-osx-x86_64 1.0-1 OK
r-oldrel-windows-ix86+x86_64 1.0-1 7.00 45.00 52.00 OK

Check Details

Version: 1.0-1
Check: Rd cross-references
Result: NOTE
    Undeclared package ‘foreach’ in Rd xrefs
Flavor: r-devel-linux-x86_64-fedora-clang