CRAN Package Check Results for Package glrt

Last updated on 2019-09-17 00:49:15 CEST.

Flavor Version Tinstall Tcheck Ttotal Status Flags
r-devel-linux-x86_64-debian-clang 2.0 7.09 66.13 73.22 NOTE
r-devel-linux-x86_64-debian-gcc 2.0 NOTE
r-devel-linux-x86_64-fedora-clang 2.0 91.05 NOTE
r-devel-linux-x86_64-fedora-gcc 2.0 89.44 NOTE
r-devel-windows-ix86+x86_64 2.0 19.00 78.00 97.00 NOTE
r-patched-linux-x86_64 2.0 7.18 64.89 72.07 NOTE
r-patched-solaris-x86 2.0 130.40 NOTE
r-release-linux-x86_64 2.0 7.32 66.00 73.32 NOTE
r-release-windows-ix86+x86_64 2.0 13.00 106.00 119.00 NOTE
r-release-osx-x86_64 2.0 NOTE
r-oldrel-windows-ix86+x86_64 2.0 11.00 72.00 83.00 NOTE
r-oldrel-osx-x86_64 2.0 NOTE

Check Details

Version: 2.0
Check: DESCRIPTION meta-information
Result: NOTE
    Malformed Description field: should contain one or more complete sentences.
Flavors: r-devel-linux-x86_64-debian-clang, r-devel-linux-x86_64-debian-gcc, r-devel-linux-x86_64-fedora-clang, r-devel-linux-x86_64-fedora-gcc, r-devel-windows-ix86+x86_64, r-patched-linux-x86_64, r-patched-solaris-x86, r-release-linux-x86_64, r-release-windows-ix86+x86_64, r-release-osx-x86_64, r-oldrel-windows-ix86+x86_64, r-oldrel-osx-x86_64

Version: 2.0
Check: R code for possible problems
Result: NOTE
    ScoreTest: no visible global function definition for 'pchisq'
    Var1: no visible global function definition for 'runif'
    gLRT1: no visible global function definition for 'pchisq'
    gLRT2: no visible global function definition for 'pchisq'
    gLRT3: no visible global function definition for 'pchisq'
    gLRT4: no visible global function definition for 'pf'
    Undefined global functions or variables:
     pchisq pf runif
    Consider adding
     importFrom("stats", "pchisq", "pf", "runif")
    to your NAMESPACE file.
Flavors: r-devel-linux-x86_64-debian-clang, r-devel-linux-x86_64-debian-gcc, r-devel-linux-x86_64-fedora-clang, r-devel-linux-x86_64-fedora-gcc, r-devel-windows-ix86+x86_64, r-patched-linux-x86_64, r-patched-solaris-x86, r-release-linux-x86_64, r-release-windows-ix86+x86_64, r-release-osx-x86_64, r-oldrel-windows-ix86+x86_64, r-oldrel-osx-x86_64