CRAN Package Check Results for Package glrt

Last updated on 2019-06-18 00:51:38 CEST.

Flavor Version Tinstall Tcheck Ttotal Status Flags
r-devel-linux-x86_64-debian-clang 2.0 7.20 66.76 73.96 NOTE
r-devel-linux-x86_64-debian-gcc 2.0 6.29 53.05 59.34 NOTE
r-devel-linux-x86_64-fedora-clang 2.0 88.99 NOTE
r-devel-linux-x86_64-fedora-gcc 2.0 85.93 NOTE
r-devel-windows-ix86+x86_64 2.0 19.00 78.00 97.00 NOTE
r-patched-linux-x86_64 2.0 7.37 66.90 74.27 NOTE
r-patched-solaris-x86 2.0 136.90 NOTE
r-release-linux-x86_64 2.0 8.12 66.34 74.46 NOTE
r-release-windows-ix86+x86_64 2.0 14.00 105.00 119.00 NOTE
r-release-osx-x86_64 2.0 NOTE
r-oldrel-windows-ix86+x86_64 2.0 10.00 97.00 107.00 NOTE
r-oldrel-osx-x86_64 2.0 NOTE

Check Details

Version: 2.0
Check: DESCRIPTION meta-information
Result: NOTE
    Malformed Description field: should contain one or more complete sentences.
Flavors: r-devel-linux-x86_64-debian-clang, r-devel-linux-x86_64-debian-gcc, r-devel-linux-x86_64-fedora-clang, r-devel-linux-x86_64-fedora-gcc, r-devel-windows-ix86+x86_64, r-patched-linux-x86_64, r-patched-solaris-x86, r-release-linux-x86_64, r-release-windows-ix86+x86_64, r-release-osx-x86_64, r-oldrel-windows-ix86+x86_64, r-oldrel-osx-x86_64

Version: 2.0
Check: R code for possible problems
Result: NOTE
    ScoreTest: no visible global function definition for 'pchisq'
    Var1: no visible global function definition for 'runif'
    gLRT1: no visible global function definition for 'pchisq'
    gLRT2: no visible global function definition for 'pchisq'
    gLRT3: no visible global function definition for 'pchisq'
    gLRT4: no visible global function definition for 'pf'
    Undefined global functions or variables:
     pchisq pf runif
    Consider adding
     importFrom("stats", "pchisq", "pf", "runif")
    to your NAMESPACE file.
Flavors: r-devel-linux-x86_64-debian-clang, r-devel-linux-x86_64-debian-gcc, r-devel-linux-x86_64-fedora-clang, r-devel-linux-x86_64-fedora-gcc, r-devel-windows-ix86+x86_64, r-patched-linux-x86_64, r-patched-solaris-x86, r-release-linux-x86_64, r-release-windows-ix86+x86_64, r-release-osx-x86_64, r-oldrel-windows-ix86+x86_64, r-oldrel-osx-x86_64