CRAN Package Check Results for Package googlesheets

Last updated on 2019-09-21 00:52:41 CEST.

Flavor Version Tinstall Tcheck Ttotal Status Flags
r-devel-linux-x86_64-debian-clang 0.3.0 5.85 48.26 54.11 OK
r-devel-linux-x86_64-debian-gcc 0.3.0 5.28 37.92 43.20 OK
r-devel-linux-x86_64-fedora-clang 0.3.0 66.07 NOTE
r-devel-linux-x86_64-fedora-gcc 0.3.0 63.80 NOTE
r-devel-windows-ix86+x86_64 0.3.0 25.00 69.00 94.00 OK
r-patched-linux-x86_64 0.3.0 5.73 46.74 52.47 OK
r-patched-solaris-x86 0.3.0 94.60 NOTE
r-release-linux-x86_64 0.3.0 5.19 46.94 52.13 OK
r-release-windows-ix86+x86_64 0.3.0 12.00 70.00 82.00 OK
r-release-osx-x86_64 0.3.0 NOTE
r-oldrel-windows-ix86+x86_64 0.3.0 10.00 65.00 75.00 OK
r-oldrel-osx-x86_64 0.3.0 NOTE

Check Details

Version: 0.3.0
Check: dependencies in R code
Result: NOTE
    Namespace in Imports field not imported from: ‘tibble’
     All declared Imports should be used.
Flavors: r-devel-linux-x86_64-fedora-clang, r-devel-linux-x86_64-fedora-gcc, r-patched-solaris-x86, r-release-osx-x86_64, r-oldrel-osx-x86_64