CRAN Package Check Results for Package greport

Last updated on 2019-10-22 00:52:24 CEST.

Flavor Version Tinstall Tcheck Ttotal Status Flags
r-devel-linux-x86_64-debian-clang 0.7-1 12.89 93.10 105.99 NOTE
r-devel-linux-x86_64-debian-gcc 0.7-1 10.76 71.86 82.62 NOTE
r-devel-linux-x86_64-fedora-clang 0.7-1 124.56 NOTE
r-devel-linux-x86_64-fedora-gcc 0.7-1 125.27 NOTE
r-devel-windows-ix86+x86_64 0.7-1 29.00 143.00 172.00 NOTE
r-patched-linux-x86_64 0.7-1 11.56 91.42 102.98 NOTE
r-patched-solaris-x86 0.7-1 188.60 NOTE
r-release-linux-x86_64 0.7-1 11.75 90.65 102.40 NOTE
r-release-windows-ix86+x86_64 0.7-1 45.00 101.00 146.00 NOTE
r-release-osx-x86_64 0.7-1 NOTE
r-oldrel-windows-ix86+x86_64 0.7-1 16.00 100.00 116.00 NOTE
r-oldrel-osx-x86_64 0.7-1 NOTE

Check Details

Version: 0.7-1
Check: R code for possible problems
Result: NOTE
    accrualReport: multiple local function definitions for 'gg' with
     different formal arguments
Flavors: r-devel-linux-x86_64-debian-clang, r-devel-linux-x86_64-debian-gcc, r-devel-linux-x86_64-fedora-clang, r-devel-linux-x86_64-fedora-gcc, r-devel-windows-ix86+x86_64, r-patched-linux-x86_64, r-patched-solaris-x86, r-release-linux-x86_64, r-release-windows-ix86+x86_64, r-release-osx-x86_64, r-oldrel-windows-ix86+x86_64, r-oldrel-osx-x86_64