CRAN Package Check Results for Package greport

Last updated on 2019-07-16 00:48:09 CEST.

Flavor Version Tinstall Tcheck Ttotal Status Flags
r-devel-linux-x86_64-debian-clang 0.7-1 12.81 93.33 106.14 NOTE
r-devel-linux-x86_64-debian-gcc 0.7-1 10.03 74.35 84.38 NOTE
r-devel-linux-x86_64-fedora-clang 0.7-1 123.80 NOTE
r-devel-linux-x86_64-fedora-gcc 0.7-1 137.17 NOTE
r-devel-windows-ix86+x86_64 0.7-1 45.00 156.00 201.00 NOTE
r-patched-linux-x86_64 0.7-1 12.21 91.38 103.59 NOTE
r-patched-solaris-x86 0.7-1 197.60 NOTE
r-release-linux-x86_64 0.7-1 11.92 91.20 103.12 NOTE
r-release-windows-ix86+x86_64 0.7-1 30.00 171.00 201.00 NOTE
r-release-osx-x86_64 0.7-1 NOTE
r-oldrel-windows-ix86+x86_64 0.7-1 23.00 101.00 124.00 NOTE
r-oldrel-osx-x86_64 0.7-1 NOTE

Check Details

Version: 0.7-1
Check: R code for possible problems
Result: NOTE
    accrualReport: multiple local function definitions for 'gg' with
     different formal arguments
Flavors: r-devel-linux-x86_64-debian-clang, r-devel-linux-x86_64-debian-gcc, r-devel-linux-x86_64-fedora-clang, r-devel-linux-x86_64-fedora-gcc, r-devel-windows-ix86+x86_64, r-patched-linux-x86_64, r-patched-solaris-x86, r-release-linux-x86_64, r-release-windows-ix86+x86_64, r-release-osx-x86_64, r-oldrel-windows-ix86+x86_64, r-oldrel-osx-x86_64