CRAN Package Check Results for Package greybox

Last updated on 2019-06-25 00:52:17 CEST.

Flavor Version Tinstall Tcheck Ttotal Status Flags
r-devel-linux-x86_64-debian-clang 0.5.2 25.31 112.24 137.55 OK
r-devel-linux-x86_64-debian-gcc 0.5.2 19.27 87.09 106.36 OK
r-devel-linux-x86_64-fedora-clang 0.5.2 166.51 OK
r-devel-linux-x86_64-fedora-gcc 0.5.2 159.01 OK
r-devel-windows-ix86+x86_64 0.5.2 63.00 172.00 235.00 NOTE
r-patched-linux-x86_64 0.5.2 26.64 109.94 136.58 OK
r-patched-solaris-x86 0.5.2 203.80 OK
r-release-linux-x86_64 0.5.2 21.82 110.83 132.65 OK
r-release-windows-ix86+x86_64 0.5.2 46.00 222.00 268.00 NOTE
r-release-osx-x86_64 0.5.2 OK
r-oldrel-windows-ix86+x86_64 0.5.2 36.00 149.00 185.00 NOTE
r-oldrel-osx-x86_64 0.5.2 OK

Check Details

Version: 0.5.2
Check: package dependencies
Result: NOTE
    Package suggested but not available for checking: 'doMC'
Flavors: r-devel-windows-ix86+x86_64, r-release-windows-ix86+x86_64, r-oldrel-windows-ix86+x86_64