CRAN Package Check Results for Package growcurves

Last updated on 2019-06-26 00:47:28 CEST.

Flavor Version Tinstall Tcheck Ttotal Status Flags
r-devel-linux-x86_64-debian-clang 0.2.4.1 246.24 139.08 385.32 OK
r-devel-linux-x86_64-debian-gcc 0.2.4.1 200.18 106.67 306.85 OK
r-devel-linux-x86_64-fedora-clang 0.2.4.1 555.27 NOTE
r-devel-linux-x86_64-fedora-gcc 0.2.4.1 491.44 NOTE
r-devel-windows-ix86+x86_64 0.2.4.1 585.00 262.00 847.00 OK
r-patched-linux-x86_64 0.2.4.1 228.22 136.88 365.10 OK
r-patched-solaris-x86 0.2.4.1 486.00 OK
r-release-linux-x86_64 0.2.4.1 222.70 139.22 361.92 OK
r-release-windows-ix86+x86_64 0.2.4.1 450.00 330.00 780.00 OK
r-release-osx-x86_64 0.2.4.1 NOTE
r-oldrel-windows-ix86+x86_64 0.2.4.1 397.00 252.00 649.00 OK
r-oldrel-osx-x86_64 0.2.4.1 NOTE

Check Details

Version: 0.2.4.1
Check: installed package size
Result: NOTE
     installed size is 17.6Mb
     sub-directories of 1Mb or more:
     libs 17.0Mb
Flavors: r-devel-linux-x86_64-fedora-clang, r-release-osx-x86_64, r-oldrel-osx-x86_64

Version: 0.2.4.1
Check: compiled code
Result: NOTE
    File ‘growcurves/libs/growcurves.so’:
     Found no calls to: ‘R_registerRoutines’, ‘R_useDynamicSymbols’
    
    It is good practice to register native routines and to disable symbol
    search.
    
    See ‘Writing portable packages’ in the ‘Writing R Extensions’ manual.
Flavors: r-devel-linux-x86_64-fedora-clang, r-devel-linux-x86_64-fedora-gcc