CRAN Package Check Results for Package growfunctions

Last updated on 2019-11-12 00:52:44 CET.

Flavor Version Tinstall Tcheck Ttotal Status Flags
r-devel-linux-x86_64-debian-clang 0.14 246.82 100.25 347.07 OK
r-devel-linux-x86_64-debian-gcc 0.14 197.81 72.72 270.53 OK
r-devel-linux-x86_64-fedora-clang 0.14 473.19 NOTE
r-devel-linux-x86_64-fedora-gcc 0.14 482.58 OK
r-devel-windows-ix86+x86_64 0.14 422.00 180.00 602.00 OK
r-patched-linux-x86_64 0.14 204.72 90.95 295.67 OK
r-patched-solaris-x86 0.14 431.30 OK
r-release-linux-x86_64 0.14 203.02 93.24 296.26 OK
r-release-windows-ix86+x86_64 0.14 540.00 251.00 791.00 OK
r-release-osx-x86_64 0.14 NOTE
r-oldrel-windows-ix86+x86_64 0.14 534.00 229.00 763.00 OK
r-oldrel-osx-x86_64 0.14 NOTE

Check Details

Version: 0.14
Check: installed package size
Result: NOTE
     installed size is 17.4Mb
     sub-directories of 1Mb or more:
     libs 17.0Mb
Flavors: r-devel-linux-x86_64-fedora-clang, r-release-osx-x86_64, r-oldrel-osx-x86_64