CRAN Package Check Results for Package gsarima

Last updated on 2019-06-25 00:52:17 CEST.

Flavor Version Tinstall Tcheck Ttotal Status Flags
r-devel-linux-x86_64-debian-clang 0.1-4 2.22 25.16 27.38 NOTE
r-devel-linux-x86_64-debian-gcc 0.1-4 1.85 19.50 21.35 NOTE
r-devel-linux-x86_64-fedora-clang 0.1-4 33.15 NOTE
r-devel-linux-x86_64-fedora-gcc 0.1-4 31.49 NOTE
r-devel-windows-ix86+x86_64 0.1-4 7.00 38.00 45.00 NOTE
r-patched-linux-x86_64 0.1-4 2.25 25.06 27.31 NOTE
r-patched-solaris-x86 0.1-4 52.80 NOTE
r-release-linux-x86_64 0.1-4 2.50 25.20 27.70 NOTE
r-release-windows-ix86+x86_64 0.1-4 5.00 52.00 57.00 NOTE
r-release-osx-x86_64 0.1-4 NOTE
r-oldrel-windows-ix86+x86_64 0.1-4 3.00 37.00 40.00 NOTE
r-oldrel-osx-x86_64 0.1-4 NOTE

Check Details

Version: 0.1-4
Check: R code for possible problems
Result: NOTE
    garsim: no visible global function definition for 'rnorm'
    garsim: no visible global function definition for 'rpois'
    Undefined global functions or variables:
     rnorm rpois
    Consider adding
     importFrom("stats", "rnorm", "rpois")
    to your NAMESPACE file.
Flavors: r-devel-linux-x86_64-debian-clang, r-devel-linux-x86_64-debian-gcc, r-devel-linux-x86_64-fedora-clang, r-devel-linux-x86_64-fedora-gcc, r-devel-windows-ix86+x86_64, r-patched-linux-x86_64, r-patched-solaris-x86, r-release-linux-x86_64, r-release-windows-ix86+x86_64, r-release-osx-x86_64, r-oldrel-windows-ix86+x86_64, r-oldrel-osx-x86_64

Version: 0.1-4
Check: package dependencies
Result: NOTE
    Package suggested but not available for checking: 'dse1'
Flavors: r-devel-windows-ix86+x86_64, r-release-windows-ix86+x86_64, r-oldrel-windows-ix86+x86_64