CRAN Package Check Results for Package gtfsrouter

Last updated on 2019-12-16 00:48:56 CET.

Flavor Version Tinstall Tcheck Ttotal Status Flags
r-devel-linux-x86_64-debian-clang 0.0.1 47.10 114.21 161.31 OK
r-devel-linux-x86_64-debian-gcc 0.0.1 32.16 113.52 145.68 OK
r-devel-linux-x86_64-fedora-clang 0.0.1 177.70 NOTE
r-devel-linux-x86_64-fedora-gcc 0.0.1 188.91 OK
r-devel-windows-ix86+x86_64 0.0.1 89.00 196.00 285.00 OK
r-devel-windows-ix86+x86_64-gcc8 0.0.1 90.00 218.00 308.00 OK
r-patched-linux-x86_64 0.0.1 38.28 98.06 136.34 OK
r-patched-solaris-x86 0.0.1 183.10 OK
r-release-linux-x86_64 0.0.1 38.73 93.03 131.76 OK
r-release-windows-ix86+x86_64 0.0.1 121.00 141.00 262.00 OK
r-release-osx-x86_64 0.0.1 OK
r-oldrel-windows-ix86+x86_64 0.0.1 87.00 147.00 234.00 OK
r-oldrel-osx-x86_64 0.0.1 OK

Check Details

Version: 0.0.1
Check: installed package size
Result: NOTE
     installed size is 5.2Mb
     sub-directories of 1Mb or more:
     doc 2.1Mb
     libs 2.7Mb
Flavor: r-devel-linux-x86_64-fedora-clang