CRAN Package Check Results for Package h5

Last updated on 2019-07-24 00:47:34 CEST.

Flavor Version Tinstall Tcheck Ttotal Status Flags
r-devel-linux-x86_64-debian-clang 0.9.9 52.38 58.29 110.67 NOTE
r-devel-linux-x86_64-debian-gcc 0.9.9 40.47 47.21 87.68 NOTE
r-devel-linux-x86_64-fedora-clang 0.9.9 154.08 NOTE
r-devel-linux-x86_64-fedora-gcc 0.9.9 146.28 NOTE
r-devel-windows-ix86+x86_64 0.9.9 118.00 182.00 300.00 NOTE
r-patched-linux-x86_64 0.9.9 48.50 56.92 105.42 OK
r-release-linux-x86_64 0.9.9 48.14 57.01 105.15 OK
r-release-windows-ix86+x86_64 0.9.9 116.00 128.00 244.00 NOTE
r-release-osx-x86_64 0.9.9 ERROR
r-oldrel-windows-ix86+x86_64 0.9.9 158.00 157.00 315.00 NOTE
r-oldrel-osx-x86_64 0.9.9 ERROR

Additional issues

clang-UBSAN gcc-UBSAN

Check Details

Version: 0.9.9
Check: for non-standard things in the check directory
Result: NOTE
    Found the following files/directories:
     'test.h5' 'test1.h5' 'test2.h5'
Flavors: r-devel-linux-x86_64-debian-clang, r-devel-linux-x86_64-debian-gcc, r-devel-linux-x86_64-fedora-clang, r-devel-linux-x86_64-fedora-gcc

Version: 0.9.9
Check: installed package size
Result: NOTE
     installed size is 10.5Mb
     sub-directories of 1Mb or more:
     libs 9.6Mb
Flavors: r-devel-windows-ix86+x86_64, r-release-windows-ix86+x86_64, r-oldrel-windows-ix86+x86_64

Version: 0.9.9
Check: whether package can be installed
Result: ERROR
    Installation failed.
Flavors: r-release-osx-x86_64, r-oldrel-osx-x86_64