CRAN Package Check Results for Package hBayesDM

Last updated on 2019-07-24 00:47:34 CEST.

Flavor Version Tinstall Tcheck Ttotal Status Flags
r-devel-linux-x86_64-debian-clang 0.7.2 29.19 103.33 132.52 NOTE
r-devel-linux-x86_64-debian-gcc 0.7.2 23.61 79.74 103.35 NOTE
r-devel-linux-x86_64-fedora-clang 0.7.2 153.41 NOTE
r-devel-linux-x86_64-fedora-gcc 0.7.2 150.23 NOTE
r-devel-windows-ix86+x86_64 0.7.2 43.00 180.00 223.00 NOTE
r-patched-linux-x86_64 0.7.2 24.74 101.33 126.07 NOTE
r-patched-solaris-x86 0.7.2 216.80 NOTE
r-release-linux-x86_64 0.7.2 24.87 101.49 126.36 NOTE
r-release-windows-ix86+x86_64 0.7.2 42.00 136.00 178.00 NOTE
r-release-osx-x86_64 0.7.2 NOTE
r-oldrel-windows-ix86+x86_64 0.7.2 59.00 129.00 188.00 NOTE
r-oldrel-osx-x86_64 0.7.2 NOTE

Check Details

Version: 0.7.2
Check: for GNU extensions in Makefiles
Result: NOTE
    GNU make is a SystemRequirements.
Flavors: r-devel-linux-x86_64-debian-clang, r-devel-linux-x86_64-debian-gcc, r-devel-linux-x86_64-fedora-clang, r-devel-linux-x86_64-fedora-gcc, r-devel-windows-ix86+x86_64, r-patched-linux-x86_64, r-patched-solaris-x86, r-release-linux-x86_64, r-release-windows-ix86+x86_64, r-release-osx-x86_64, r-oldrel-windows-ix86+x86_64, r-oldrel-osx-x86_64