CRAN Package Check Results for Package hNMF

Last updated on 2019-07-16 00:48:10 CEST.

Flavor Version Tinstall Tcheck Ttotal Status Flags
r-devel-linux-x86_64-debian-clang 0.9 6.59 79.09 85.68 OK
r-devel-linux-x86_64-debian-gcc 0.9 5.46 60.39 65.85 OK
r-devel-linux-x86_64-fedora-clang 0.9 99.05 OK
r-devel-linux-x86_64-fedora-gcc 0.9 109.39 OK
r-devel-windows-ix86+x86_64 0.9 33.00 86.00 119.00 OK
r-patched-linux-x86_64 0.9 6.69 76.24 82.93 OK
r-patched-solaris-x86 0.9 149.60 OK
r-release-linux-x86_64 0.9 6.11 75.15 81.26 OK
r-release-windows-ix86+x86_64 0.9 17.00 128.00 145.00 OK
r-release-osx-x86_64 0.9 FAIL
r-oldrel-windows-ix86+x86_64 0.9 22.00 88.00 110.00 OK
r-oldrel-osx-x86_64 0.9 OK

Check Details

Version: 0.9
Check: dependencies in R code
Result: FAIL
    
Flavor: r-release-osx-x86_64