CRAN Package Check Results for Package hNMF

Last updated on 2019-10-22 00:52:24 CEST.

Flavor Version Tinstall Tcheck Ttotal Status Flags
r-devel-linux-x86_64-debian-clang 0.9 6.58 77.40 83.98 OK
r-devel-linux-x86_64-debian-gcc 0.9 5.59 59.31 64.90 OK
r-devel-linux-x86_64-fedora-clang 0.9 97.95 OK
r-devel-linux-x86_64-fedora-gcc 0.9 96.59 OK
r-devel-windows-ix86+x86_64 0.9 18.00 115.00 133.00 OK
r-patched-linux-x86_64 0.9 6.50 73.93 80.43 OK
r-patched-solaris-x86 0.9 128.90 OK
r-release-linux-x86_64 0.9 5.75 74.82 80.57 OK
r-release-windows-ix86+x86_64 0.9 31.00 86.00 117.00 OK
r-release-osx-x86_64 0.9 FAIL
r-oldrel-windows-ix86+x86_64 0.9 10.00 78.00 88.00 OK
r-oldrel-osx-x86_64 0.9 OK

Check Details

Version: 0.9
Check: dependencies in R code
Result: FAIL
    
Flavor: r-release-osx-x86_64