CRAN Package Check Results for Package haplotypes

Last updated on 2018-02-18 00:47:13 CET.

Flavor Version Tinstall Tcheck Ttotal Status Flags
r-devel-linux-x86_64-debian-clang 1.0 2.44 32.91 35.35 NOTE
r-devel-linux-x86_64-debian-gcc 1.0 2.45 24.90 27.35 NOTE
r-devel-linux-x86_64-fedora-clang 1.0 41.17 NOTE
r-devel-linux-x86_64-fedora-gcc 1.0 40.36 NOTE
r-devel-windows-ix86+x86_64 1.0 6.00 43.00 49.00 NOTE
r-patched-linux-x86_64 1.0 1.85 35.01 36.86 NOTE
r-patched-solaris-x86 1.0 56.70 NOTE
r-release-linux-x86_64 1.0 1.80 34.74 36.54 NOTE
r-release-windows-ix86+x86_64 1.0 8.00 70.00 78.00 NOTE
r-release-osx-x86_64 1.0 NOTE
r-oldrel-windows-ix86+x86_64 1.0 4.00 53.00 57.00 NOTE
r-oldrel-osx-x86_64 1.0 NOTE

Check Details

Version: 1.0
Check: R code for possible problems
Result: NOTE
    clustersG: no visible global function definition for ‘combn’
    pairneidist: no visible global function definition for ‘as.dist’
    pairneidist: no visible global function definition for ‘combn’
    steplimit : .TempletonProb: no visible global function definition for
     ‘integrate’
    distance,Dna: no visible global function definition for ‘dist’
    distance,Dna: no visible global function definition for ‘combn’
    distance,Dna: no visible global function definition for ‘as.dist’
    pairnei,matrix: no visible global function definition for ‘as.dist’
    show,Dna: no visible global function definition for ‘head’
    Undefined global functions or variables:
     as.dist combn dist head integrate
    Consider adding
     importFrom("stats", "as.dist", "dist", "integrate")
     importFrom("utils", "combn", "head")
    to your NAMESPACE file.
Flavors: r-devel-linux-x86_64-debian-clang, r-devel-linux-x86_64-debian-gcc, r-devel-linux-x86_64-fedora-clang, r-devel-linux-x86_64-fedora-gcc, r-devel-windows-ix86+x86_64, r-patched-linux-x86_64, r-patched-solaris-x86, r-release-linux-x86_64, r-release-windows-ix86+x86_64, r-release-osx-x86_64, r-oldrel-windows-ix86+x86_64, r-oldrel-osx-x86_64