CRAN Package Check Results for Package haplotypes

Last updated on 2018-11-17 00:51:30 CET.

Flavor Version Tinstall Tcheck Ttotal Status Flags
r-devel-linux-x86_64-debian-clang 1.0 2.88 33.14 36.02 NOTE
r-devel-linux-x86_64-debian-gcc 1.0 2.85 27.51 30.36 NOTE
r-devel-linux-x86_64-fedora-clang 1.0 43.78 NOTE
r-devel-linux-x86_64-fedora-gcc 1.0 40.57 NOTE
r-devel-windows-ix86+x86_64 1.0 9.00 68.00 77.00 NOTE
r-patched-linux-x86_64 1.0 2.98 31.97 34.95 NOTE
r-patched-solaris-x86 1.0 61.90 NOTE
r-release-linux-x86_64 1.0 2.87 32.60 35.47 NOTE
r-release-windows-ix86+x86_64 1.0 8.00 62.00 70.00 NOTE
r-release-osx-x86_64 1.0 NOTE
r-oldrel-windows-ix86+x86_64 1.0 8.00 69.00 77.00 NOTE
r-oldrel-osx-x86_64 1.0 NOTE

Check Details

Version: 1.0
Check: R code for possible problems
Result: NOTE
    clustersG: no visible global function definition for ‘combn’
    pairneidist: no visible global function definition for ‘as.dist’
    pairneidist: no visible global function definition for ‘combn’
    steplimit : .TempletonProb: no visible global function definition for
     ‘integrate’
    distance,Dna: no visible global function definition for ‘dist’
    distance,Dna: no visible global function definition for ‘combn’
    distance,Dna: no visible global function definition for ‘as.dist’
    pairnei,matrix: no visible global function definition for ‘as.dist’
    show,Dna: no visible global function definition for ‘head’
    Undefined global functions or variables:
     as.dist combn dist head integrate
    Consider adding
     importFrom("stats", "as.dist", "dist", "integrate")
     importFrom("utils", "combn", "head")
    to your NAMESPACE file.
Flavors: r-devel-linux-x86_64-debian-clang, r-devel-linux-x86_64-debian-gcc, r-devel-linux-x86_64-fedora-clang, r-devel-linux-x86_64-fedora-gcc, r-devel-windows-ix86+x86_64, r-patched-linux-x86_64, r-patched-solaris-x86, r-release-linux-x86_64, r-release-windows-ix86+x86_64, r-release-osx-x86_64, r-oldrel-windows-ix86+x86_64, r-oldrel-osx-x86_64