CRAN Package Check Results for Package haplotypes

Last updated on 2019-02-20 00:55:10 CET.

Flavor Version Tinstall Tcheck Ttotal Status Flags
r-devel-linux-x86_64-debian-clang 1.0 3.46 33.95 37.41 NOTE
r-devel-linux-x86_64-debian-gcc 1.0 2.33 26.82 29.15 NOTE
r-devel-linux-x86_64-fedora-clang 1.0 45.65 NOTE
r-devel-linux-x86_64-fedora-gcc 1.0 42.64 NOTE
r-devel-windows-ix86+x86_64 1.0 9.00 47.00 56.00 NOTE
r-patched-linux-x86_64 1.0 NOTE
r-patched-solaris-x86 1.0 62.00 NOTE
r-release-linux-x86_64 1.0 3.26 31.66 34.92 NOTE
r-release-windows-ix86+x86_64 1.0 6.00 64.00 70.00 NOTE
r-release-osx-x86_64 1.0 NOTE
r-oldrel-windows-ix86+x86_64 1.0 5.00 65.00 70.00 NOTE
r-oldrel-osx-x86_64 1.0 NOTE

Check Details

Version: 1.0
Check: R code for possible problems
Result: NOTE
    clustersG: no visible global function definition for ‘combn’
    pairneidist: no visible global function definition for ‘as.dist’
    pairneidist: no visible global function definition for ‘combn’
    steplimit : .TempletonProb: no visible global function definition for
     ‘integrate’
    distance,Dna: no visible global function definition for ‘dist’
    distance,Dna: no visible global function definition for ‘combn’
    distance,Dna: no visible global function definition for ‘as.dist’
    pairnei,matrix: no visible global function definition for ‘as.dist’
    show,Dna: no visible global function definition for ‘head’
    Undefined global functions or variables:
     as.dist combn dist head integrate
    Consider adding
     importFrom("stats", "as.dist", "dist", "integrate")
     importFrom("utils", "combn", "head")
    to your NAMESPACE file.
Flavors: r-devel-linux-x86_64-debian-clang, r-devel-linux-x86_64-debian-gcc, r-devel-linux-x86_64-fedora-clang, r-devel-linux-x86_64-fedora-gcc, r-devel-windows-ix86+x86_64, r-patched-linux-x86_64, r-patched-solaris-x86, r-release-linux-x86_64, r-release-windows-ix86+x86_64, r-release-osx-x86_64, r-oldrel-windows-ix86+x86_64, r-oldrel-osx-x86_64