CRAN Package Check Results for Package hcc

Last updated on 2019-07-16 00:48:10 CEST.

Flavor Version Tinstall Tcheck Ttotal Status Flags
r-devel-linux-x86_64-debian-clang 0.54 1.59 21.08 22.67 NOTE
r-devel-linux-x86_64-debian-gcc 0.54 1.30 17.22 18.52 NOTE
r-devel-linux-x86_64-fedora-clang 0.54 27.49 NOTE
r-devel-linux-x86_64-fedora-gcc 0.54 28.72 NOTE
r-devel-windows-ix86+x86_64 0.54 4.00 35.00 39.00 NOTE
r-patched-linux-x86_64 0.54 1.51 21.09 22.60 NOTE
r-patched-solaris-x86 0.54 48.10 NOTE
r-release-linux-x86_64 0.54 1.47 20.84 22.31 NOTE
r-release-windows-ix86+x86_64 0.54 4.00 110.00 114.00 NOTE
r-release-osx-x86_64 0.54 NOTE
r-oldrel-windows-ix86+x86_64 0.54 3.00 29.00 32.00 NOTE
r-oldrel-osx-x86_64 0.54 NOTE

Check Details

Version: 0.54
Check: R code for possible problems
Result: NOTE
    PoincarePlot: no visible global function definition for 'plot'
    PoincarePlot: no visible global function definition for 'lines'
    PoincarePlot: no visible global function definition for 'lowess'
    hctest: no visible global function definition for 'cor.test'
    rdplot: no visible global function definition for 'plot'
    rdplot: no visible global function definition for 'lines'
    rdplot: no visible global function definition for 'lowess'
    rdplot: no visible global function definition for 'rgb'
    simer: no visible global function definition for 'runif'
    simer: no visible global function definition for 'rnorm'
    Undefined global functions or variables:
     cor.test lines lowess plot rgb rnorm runif
    Consider adding
     importFrom("grDevices", "rgb")
     importFrom("graphics", "lines", "plot")
     importFrom("stats", "cor.test", "lowess", "rnorm", "runif")
    to your NAMESPACE file.
Flavors: r-devel-linux-x86_64-debian-clang, r-devel-linux-x86_64-debian-gcc, r-devel-linux-x86_64-fedora-clang, r-devel-linux-x86_64-fedora-gcc, r-devel-windows-ix86+x86_64, r-patched-linux-x86_64, r-patched-solaris-x86, r-release-linux-x86_64, r-release-windows-ix86+x86_64, r-release-osx-x86_64, r-oldrel-windows-ix86+x86_64, r-oldrel-osx-x86_64