CRAN Package Check Results for Package hexbin

Last updated on 2019-06-18 00:51:39 CEST.

Flavor Version Tinstall Tcheck Ttotal Status Flags
r-devel-linux-x86_64-debian-clang 1.27.3 8.69 60.50 69.19 OK
r-devel-linux-x86_64-debian-gcc 1.27.3 7.07 47.54 54.61 OK
r-devel-linux-x86_64-fedora-clang 1.27.3 82.92 OK
r-devel-linux-x86_64-fedora-gcc 1.27.3 79.58 OK
r-devel-windows-ix86+x86_64 1.27.3 29.00 101.00 130.00 OK
r-patched-linux-x86_64 1.27.3 7.37 62.20 69.57 OK
r-patched-solaris-x86 1.27.3 117.50 OK
r-release-linux-x86_64 1.27.3 8.58 62.12 70.70 OK
r-release-windows-ix86+x86_64 1.27.3 34.00 131.00 165.00 OK
r-release-osx-x86_64 1.27.3 NOTE
r-oldrel-windows-ix86+x86_64 1.27.3 18.00 136.00 154.00 OK
r-oldrel-osx-x86_64 1.27.3 OK

Check Details

Version: 1.27.3
Check: package dependencies
Result: NOTE
    Packages suggested but not available for checking:
     'marray', 'affy', 'Biobase', 'limma'
Flavor: r-release-osx-x86_64

Version: 1.27.3
Check: Rd cross-references
Result: NOTE
    Package unavailable to check Rd xrefs: ‘limma’
Flavor: r-release-osx-x86_64