CRAN Package Check Results for Package hierarchicalSets

Last updated on 2020-02-20 00:54:14 CET.

Flavor Version Tinstall Tcheck Ttotal Status Flags
r-devel-linux-x86_64-debian-clang 1.0.2 40.62 90.18 130.80 NOTE
r-devel-linux-x86_64-debian-gcc 1.0.2 30.19 69.01 99.20 NOTE
r-devel-linux-x86_64-fedora-clang 1.0.2 162.42 NOTE
r-devel-linux-x86_64-fedora-gcc 1.0.2 158.09 NOTE
r-devel-windows-ix86+x86_64 1.0.2 72.00 143.00 215.00 NOTE
r-devel-windows-ix86+x86_64-gcc8 1.0.2 105.00 197.00 302.00 NOTE
r-patched-linux-x86_64 1.0.2 32.01 78.13 110.14 NOTE
r-patched-solaris-x86 1.0.2 184.30 NOTE
r-release-linux-x86_64 1.0.2 32.08 79.00 111.08 NOTE
r-release-windows-ix86+x86_64 1.0.2 75.00 139.00 214.00 NOTE
r-release-osx-x86_64 1.0.2 NOTE
r-oldrel-windows-ix86+x86_64 1.0.2 65.00 134.00 199.00 NOTE
r-oldrel-osx-x86_64 1.0.2 NOTE

Check Details

Version: 1.0.2
Check: dependencies in R code
Result: NOTE
    Unexported objects imported by ':::' calls:
     'ggplot2:::build_guides' 'ggplot2:::guide_axis'
     'ggplot2:::scales_list'
     See the note in ?`:::` about the use of this operator.
Flavors: r-devel-linux-x86_64-debian-clang, r-devel-linux-x86_64-debian-gcc, r-devel-linux-x86_64-fedora-clang, r-devel-linux-x86_64-fedora-gcc, r-devel-windows-ix86+x86_64, r-devel-windows-ix86+x86_64-gcc8, r-patched-linux-x86_64, r-patched-solaris-x86, r-release-linux-x86_64, r-release-windows-ix86+x86_64, r-release-osx-x86_64, r-oldrel-windows-ix86+x86_64, r-oldrel-osx-x86_64

Version: 1.0.2
Check: compiled code
Result: NOTE
    File ‘hierarchicalSets/libs/hierarchicalSets.so’:
     Found no calls to: ‘R_registerRoutines’, ‘R_useDynamicSymbols’
    
    It is good practice to register native routines and to disable symbol
    search.
    
    See ‘Writing portable packages’ in the ‘Writing R Extensions’ manual.
Flavors: r-devel-linux-x86_64-fedora-clang, r-devel-linux-x86_64-fedora-gcc