CRAN Package Check Results for Package hierarchicalSets

Last updated on 2019-09-21 00:52:42 CEST.

Flavor Version Tinstall Tcheck Ttotal Status Flags
r-devel-linux-x86_64-debian-clang 1.0.2 33.62 81.97 115.59 NOTE
r-devel-linux-x86_64-debian-gcc 1.0.2 28.53 64.23 92.76 NOTE
r-devel-linux-x86_64-fedora-clang 1.0.2 154.13 NOTE
r-devel-linux-x86_64-fedora-gcc 1.0.2 146.71 NOTE
r-devel-windows-ix86+x86_64 1.0.2 88.00 142.00 230.00 NOTE
r-patched-linux-x86_64 1.0.2 29.88 78.19 108.07 NOTE
r-patched-solaris-x86 1.0.2 184.00 NOTE
r-release-linux-x86_64 1.0.2 29.29 78.70 107.99 NOTE
r-release-windows-ix86+x86_64 1.0.2 62.00 131.00 193.00 NOTE
r-release-osx-x86_64 1.0.2 NOTE
r-oldrel-windows-ix86+x86_64 1.0.2 51.00 131.00 182.00 NOTE
r-oldrel-osx-x86_64 1.0.2 NOTE

Check Details

Version: 1.0.2
Check: dependencies in R code
Result: NOTE
    Unexported objects imported by ':::' calls:
     'ggplot2:::build_guides' 'ggplot2:::guide_axis'
     'ggplot2:::scales_list'
     See the note in ?`:::` about the use of this operator.
Flavors: r-devel-linux-x86_64-debian-clang, r-devel-linux-x86_64-debian-gcc, r-devel-linux-x86_64-fedora-clang, r-devel-linux-x86_64-fedora-gcc, r-devel-windows-ix86+x86_64, r-patched-linux-x86_64, r-patched-solaris-x86, r-release-linux-x86_64, r-release-windows-ix86+x86_64, r-release-osx-x86_64, r-oldrel-windows-ix86+x86_64, r-oldrel-osx-x86_64

Version: 1.0.2
Check: compiled code
Result: NOTE
    File ‘hierarchicalSets/libs/hierarchicalSets.so’:
     Found no calls to: ‘R_registerRoutines’, ‘R_useDynamicSymbols’
    
    It is good practice to register native routines and to disable symbol
    search.
    
    See ‘Writing portable packages’ in the ‘Writing R Extensions’ manual.
Flavors: r-devel-linux-x86_64-fedora-clang, r-devel-linux-x86_64-fedora-gcc