CRAN Package Check Results for Package hmlasso

Last updated on 2019-10-15 00:49:56 CEST.

Flavor Version Tinstall Tcheck Ttotal Status Flags
r-devel-linux-x86_64-debian-clang 0.0.1 26.07 70.53 96.60 OK
r-devel-linux-x86_64-debian-gcc 0.0.1 18.03 57.04 75.07 OK
r-devel-linux-x86_64-fedora-clang 0.0.1 120.87 NOTE
r-devel-linux-x86_64-fedora-gcc 0.0.1 117.01 NOTE
r-devel-windows-ix86+x86_64 0.0.1 44.00 116.00 160.00 OK
r-patched-linux-x86_64 0.0.1 19.21 70.00 89.21 OK
r-patched-solaris-x86 0.0.1 160.10 NOTE
r-release-linux-x86_64 0.0.1 18.88 69.79 88.67 OK
r-release-windows-ix86+x86_64 0.0.1 66.00 100.00 166.00 OK
r-release-osx-x86_64 0.0.1 NOTE
r-oldrel-windows-ix86+x86_64 0.0.1 37.00 124.00 161.00 OK
r-oldrel-osx-x86_64 0.0.1 NOTE

Check Details

Version: 0.0.1
Check: dependencies in R code
Result: NOTE
    Namespace in Imports field not imported from: ‘MASS’
     All declared Imports should be used.
Flavors: r-devel-linux-x86_64-fedora-clang, r-devel-linux-x86_64-fedora-gcc, r-patched-solaris-x86, r-release-osx-x86_64, r-oldrel-osx-x86_64