CRAN Package Check Results for Package hopit

Last updated on 2019-07-16 00:48:10 CEST.

Flavor Version Tinstall Tcheck Ttotal Status Flags
r-devel-linux-x86_64-debian-clang 0.9.0 45.76 167.57 213.33 OK
r-devel-linux-x86_64-debian-gcc 0.9.0 32.46 129.76 162.22 OK
r-devel-linux-x86_64-fedora-clang 0.9.0 270.04 NOTE
r-devel-linux-x86_64-fedora-gcc 0.9.0 287.11 NOTE
r-devel-windows-ix86+x86_64 0.9.0 100.00 396.00 496.00 OK
r-patched-linux-x86_64 0.9.0 35.71 164.33 200.04 OK
r-patched-solaris-x86 0.9.0 497.40 NOTE
r-release-linux-x86_64 0.9.0 37.08 162.45 199.53 OK
r-release-windows-ix86+x86_64 0.9.0 71.00 440.00 511.00 OK
r-release-osx-x86_64 0.9.0 NOTE
r-oldrel-windows-ix86+x86_64 0.9.0 89.00 414.00 503.00 OK
r-oldrel-osx-x86_64 0.9.0 NOTE

Check Details

Version: 0.9.0
Check: installed package size
Result: NOTE
     installed size is 9.8Mb
     sub-directories of 1Mb or more:
     libs 8.9Mb
Flavors: r-devel-linux-x86_64-fedora-clang, r-release-osx-x86_64, r-oldrel-osx-x86_64

Version: 0.9.0
Check: dependencies in R code
Result: NOTE
    Namespace in Imports field not imported from: ‘Matrix’
     All declared Imports should be used.
Flavors: r-devel-linux-x86_64-fedora-clang, r-devel-linux-x86_64-fedora-gcc, r-patched-solaris-x86, r-release-osx-x86_64, r-oldrel-osx-x86_64