CRAN Package Check Results for Package hopit

Last updated on 2019-10-23 00:47:52 CEST.

Flavor Version Tinstall Tcheck Ttotal Status Flags
r-devel-linux-x86_64-debian-clang 0.9.0 45.51 166.02 211.53 OK
r-devel-linux-x86_64-debian-gcc 0.9.0 35.18 130.01 165.19 OK
r-devel-linux-x86_64-fedora-clang 0.9.0 276.35 NOTE
r-devel-linux-x86_64-fedora-gcc 0.9.0 260.49 NOTE
r-devel-windows-ix86+x86_64 0.9.0 70.00 425.00 495.00 OK
r-patched-linux-x86_64 0.9.0 32.13 162.37 194.50 OK
r-patched-solaris-x86 0.9.0 468.20 NOTE
r-release-linux-x86_64 0.9.0 33.13 163.21 196.34 OK
r-release-windows-ix86+x86_64 0.9.0 90.00 326.00 416.00 OK
r-release-osx-x86_64 0.9.0 NOTE
r-oldrel-windows-ix86+x86_64 0.9.0 88.00 422.00 510.00 OK
r-oldrel-osx-x86_64 0.9.0 NOTE

Check Details

Version: 0.9.0
Check: installed package size
Result: NOTE
     installed size is 9.8Mb
     sub-directories of 1Mb or more:
     libs 9.0Mb
Flavors: r-devel-linux-x86_64-fedora-clang, r-release-osx-x86_64, r-oldrel-osx-x86_64

Version: 0.9.0
Check: dependencies in R code
Result: NOTE
    Namespace in Imports field not imported from: ‘Matrix’
     All declared Imports should be used.
Flavors: r-devel-linux-x86_64-fedora-clang, r-devel-linux-x86_64-fedora-gcc, r-patched-solaris-x86, r-release-osx-x86_64, r-oldrel-osx-x86_64