CRAN Package Check Results for Package hsphase

Last updated on 2019-07-16 00:48:10 CEST.

Flavor Version Tinstall Tcheck Ttotal Status Flags
r-devel-linux-x86_64-debian-clang 2.0.2 54.20 48.80 103.00 OK
r-devel-linux-x86_64-debian-gcc 2.0.2 41.93 37.68 79.61 OK
r-devel-linux-x86_64-fedora-clang 2.0.2 149.93 NOTE
r-devel-linux-x86_64-fedora-gcc 2.0.2 136.36 NOTE
r-devel-windows-ix86+x86_64 2.0.2 147.00 85.00 232.00 OK
r-patched-linux-x86_64 2.0.2 51.24 48.58 99.82 OK
r-patched-solaris-x86 2.0.2 159.90 OK
r-release-linux-x86_64 2.0.2 51.67 48.01 99.68 OK
r-release-windows-ix86+x86_64 2.0.2 111.00 128.00 239.00 OK
r-release-osx-x86_64 2.0.2 OK
r-oldrel-windows-ix86+x86_64 2.0.2 137.00 83.00 220.00 OK
r-oldrel-osx-x86_64 2.0.2 OK

Check Details

Version: 2.0.2
Check: compiled code
Result: NOTE
    File ‘hsphase/libs/hsphase.so’:
     Found no calls to: ‘R_registerRoutines’, ‘R_useDynamicSymbols’
    
    It is good practice to register native routines and to disable symbol
    search.
    
    See ‘Writing portable packages’ in the ‘Writing R Extensions’ manual.
Flavors: r-devel-linux-x86_64-fedora-clang, r-devel-linux-x86_64-fedora-gcc