CRAN Package Check Results for Package humanleague

Last updated on 2019-11-22 00:49:15 CET.

Flavor Version Tinstall Tcheck Ttotal Status Flags
r-devel-linux-x86_64-debian-clang 2.1.0 99.50 26.55 126.05 OK
r-devel-linux-x86_64-debian-gcc 2.1.0 101.90 22.29 124.19 OK
r-devel-linux-x86_64-fedora-clang 2.1.0 158.30 NOTE
r-devel-linux-x86_64-fedora-gcc 2.1.0 218.69 OK
r-devel-windows-ix86+x86_64 2.1.0 211.00 95.00 306.00 OK
r-devel-windows-ix86+x86_64-gcc8 2.1.0 249.00 78.00 327.00 OK
r-patched-linux-x86_64 2.1.0 94.81 25.52 120.33 OK
r-patched-solaris-x86 2.1.0 178.80 OK
r-release-linux-x86_64 2.1.0 93.77 25.64 119.41 OK
r-release-windows-ix86+x86_64 2.1.0 202.00 96.00 298.00 OK
r-release-osx-x86_64 2.1.0 NOTE
r-oldrel-windows-ix86+x86_64 2.1.0 160.00 87.00 247.00 OK
r-oldrel-osx-x86_64 2.1.0 NOTE

Additional issues

LTO

Check Details

Version: 2.1.0
Check: installed package size
Result: NOTE
     installed size is 9.9Mb
     sub-directories of 1Mb or more:
     libs 9.8Mb
Flavors: r-devel-linux-x86_64-fedora-clang, r-release-osx-x86_64, r-oldrel-osx-x86_64