CRAN Package Check Results for Package hyper.fit

Last updated on 2019-12-16 00:48:57 CET.

Flavor Version Tinstall Tcheck Ttotal Status Flags
r-devel-linux-x86_64-debian-clang 1.1.1 7.20 52.12 59.32 OK
r-devel-linux-x86_64-debian-gcc 1.1.1 5.84 42.90 48.74 OK
r-devel-linux-x86_64-fedora-clang 1.1.1 77.89 OK
r-devel-linux-x86_64-fedora-gcc 1.1.1 75.59 OK
r-devel-windows-ix86+x86_64 1.1.1 21.00 96.00 117.00 OK
r-devel-windows-ix86+x86_64-gcc8 1.1.1 17.00 68.00 85.00 OK
r-patched-linux-x86_64 1.1.1 6.00 48.87 54.87 OK
r-patched-solaris-x86 1.1.1 109.60 OK
r-release-linux-x86_64 1.1.1 5.83 48.64 54.47 OK
r-release-windows-ix86+x86_64 1.1.1 16.00 71.00 87.00 OK
r-release-osx-x86_64 1.1.1 WARN
r-oldrel-windows-ix86+x86_64 1.1.1 10.00 61.00 71.00 OK
r-oldrel-osx-x86_64 1.1.1 WARN

Check Details

Version: 1.1.1
Check: whether package can be installed
Result: WARN
    Found the following significant warnings:
     Warning: 'rgl_init' failed, running with rgl.useNULL = TRUE
Flavors: r-release-osx-x86_64, r-oldrel-osx-x86_64

Version: 1.1.1
Check: dependencies in R code
Result: NOTE
    No protocol specified
    No protocol specified
    No protocol specified
Flavor: r-release-osx-x86_64

Version: 1.1.1
Check: S3 generic/method consistency
Result: WARN
    No protocol specified
    No protocol specified
    No protocol specified
    See section ‘Generic functions and methods’ in the ‘Writing R
    Extensions’ manual.
Flavor: r-release-osx-x86_64

Version: 1.1.1
Check: replacement functions
Result: WARN
    No protocol specified
    No protocol specified
    No protocol specified
    The argument of a replacement function which corresponds to the right
    hand side must be named ‘value’.
Flavor: r-release-osx-x86_64

Version: 1.1.1
Check: foreign function calls
Result: NOTE
    No protocol specified
    No protocol specified
    No protocol specified
    See chapter ‘System and foreign language interfaces’ in the ‘Writing R
    Extensions’ manual.
Flavor: r-release-osx-x86_64

Version: 1.1.1
Check: R code for possible problems
Result: NOTE
    No protocol specified
    No protocol specified
    No protocol specified
Flavor: r-release-osx-x86_64

Version: 1.1.1
Check: for missing documentation entries
Result: WARN
    No protocol specified
    No protocol specified
    No protocol specified
    All user-level objects in a package should have documentation entries.
    See chapter ‘Writing R documentation files’ in the ‘Writing R
    Extensions’ manual.
Flavor: r-release-osx-x86_64

Version: 1.1.1
Check: for code/documentation mismatches
Result: WARN
    No protocol specified
    No protocol specified
    No protocol specified
    No protocol specified
    No protocol specified
    No protocol specified
    No protocol specified
    No protocol specified
    No protocol specified
Flavor: r-release-osx-x86_64

Version: 1.1.1
Check: Rd \usage sections
Result: NOTE
    No protocol specified
    No protocol specified
    No protocol specified
    The \usage entries for S3 methods should use the \method markup and not
    their full name.
    See chapter ‘Writing R documentation files’ in the ‘Writing R
    Extensions’ manual.
Flavor: r-release-osx-x86_64

Version: 1.1.1
Check: dependencies in R code
Result: NOTE
    No protocol specified
Flavor: r-oldrel-osx-x86_64

Version: 1.1.1
Check: S3 generic/method consistency
Result: WARN
    No protocol specified
    See section ‘Generic functions and methods’ in the ‘Writing R
    Extensions’ manual.
Flavor: r-oldrel-osx-x86_64

Version: 1.1.1
Check: replacement functions
Result: WARN
    No protocol specified
    The argument of a replacement function which corresponds to the right
    hand side must be named ‘value’.
Flavor: r-oldrel-osx-x86_64

Version: 1.1.1
Check: foreign function calls
Result: NOTE
    No protocol specified
    See chapter ‘System and foreign language interfaces’ in the ‘Writing R
    Extensions’ manual.
Flavor: r-oldrel-osx-x86_64

Version: 1.1.1
Check: R code for possible problems
Result: NOTE
    No protocol specified
Flavor: r-oldrel-osx-x86_64

Version: 1.1.1
Check: for missing documentation entries
Result: WARN
    No protocol specified
    All user-level objects in a package should have documentation entries.
    See chapter ‘Writing R documentation files’ in the ‘Writing R
    Extensions’ manual.
Flavor: r-oldrel-osx-x86_64

Version: 1.1.1
Check: for code/documentation mismatches
Result: WARN
    No protocol specified
    No protocol specified
    No protocol specified
Flavor: r-oldrel-osx-x86_64

Version: 1.1.1
Check: Rd \usage sections
Result: NOTE
    No protocol specified
    The \usage entries for S3 methods should use the \method markup and not
    their full name.
    See chapter ‘Writing R documentation files’ in the ‘Writing R
    Extensions’ manual.
Flavor: r-oldrel-osx-x86_64