CRAN Package Check Results for Package iCARH

Last updated on 2019-12-06 00:49:58 CET.

Flavor Version Tinstall Tcheck Ttotal Status Flags
r-devel-linux-x86_64-debian-clang 2.0.0 7.82 259.03 266.85 OK
r-devel-linux-x86_64-debian-gcc 2.0.0 5.35 210.85 216.20 OK
r-devel-linux-x86_64-fedora-clang 2.0.0 281.05 OK
r-devel-linux-x86_64-fedora-gcc 2.0.0 316.97 OK
r-devel-windows-ix86+x86_64 2.0.0 16.00 289.00 305.00 OK
r-devel-windows-ix86+x86_64-gcc8 2.0.0 18.00 234.00 252.00 OK
r-patched-linux-x86_64 2.0.0 6.11 238.85 244.96 OK
r-patched-solaris-x86 2.0.0 197.50 WARN
r-release-linux-x86_64 2.0.0 5.86 234.96 240.82 OK
r-release-windows-ix86+x86_64 2.0.0 16.00 219.00 235.00 OK
r-release-osx-x86_64 2.0.0 WARN
r-oldrel-windows-ix86+x86_64 2.0.0 9.00 285.00 294.00 OK
r-oldrel-osx-x86_64 2.0.0 WARN

Check Details

Version: 2.0.0
Check: re-building of vignette outputs
Result: WARN
    Error(s) in re-building vignettes:
     ...
    --- re-building ‘example.Rmd’ using rmarkdown
    Warning in engine$weave(file, quiet = quiet, encoding = enc) :
     Pandoc (>= 1.12.3) and/or pandoc-citeproc not available. Falling back to R Markdown v1.
    Quitting from lines 62-70 (example.Rmd)
    Quitting from lines 62-70 (example.Rmd)
    Error: processing vignette 'example.Rmd' failed with diagnostics:
    invalid connection
    --- failed re-building ‘example.Rmd’
    
    SUMMARY: processing the following file failed:
     ‘example.Rmd’
    
    Error: Vignette re-building failed.
    Execution halted
Flavor: r-patched-solaris-x86

Version: 2.0.0
Check: re-building of vignette outputs
Result: WARN
    Error(s) in re-building vignettes:
     ...
    --- re-building ‘example.Rmd’ using rmarkdown
    Warning in engine$weave(file, quiet = quiet, encoding = enc) :
     Pandoc (>= 1.12.3) and/or pandoc-citeproc not available. Falling back to R Markdown v1.
    Quitting from lines 84-88 (example.Rmd)
    Error: processing vignette 'example.Rmd' failed with diagnostics:
    argument of length 0
    --- failed re-building ‘example.Rmd’
    
    SUMMARY: processing the following file failed:
     ‘example.Rmd’
    
    Error: Vignette re-building failed.
    Execution halted
Flavor: r-release-osx-x86_64

Version: 2.0.0
Check: re-building of vignette outputs
Result: WARN
    Error in re-building vignettes:
     ...
    Warning in engine$weave(file, quiet = quiet, encoding = enc) :
     Pandoc (>= 1.12.3) and/or pandoc-citeproc not available. Falling back to R Markdown v1.
    Quitting from lines 84-88 (example.Rmd)
    Error: processing vignette 'example.Rmd' failed with diagnostics:
    argument of length 0
    Execution halted
Flavor: r-oldrel-osx-x86_64