CRAN Package Check Results for Package iSDM

Last updated on 2019-06-26 00:47:30 CEST.

Flavor Version Tinstall Tcheck Ttotal Status Flags
r-devel-linux-x86_64-debian-clang 1.0 2.11 21.31 23.42 OK
r-devel-linux-x86_64-debian-gcc 1.0 1.87 17.39 19.26 OK
r-devel-linux-x86_64-fedora-clang 1.0 29.38 NOTE
r-devel-linux-x86_64-fedora-gcc 1.0 28.13 NOTE
r-devel-windows-ix86+x86_64 1.0 8.00 37.00 45.00 OK
r-patched-linux-x86_64 1.0 2.26 21.82 24.08 OK
r-patched-solaris-x86 1.0 46.60 NOTE
r-release-linux-x86_64 1.0 2.23 21.96 24.19 OK
r-release-windows-ix86+x86_64 1.0 6.00 48.00 54.00 OK
r-release-osx-x86_64 1.0 NOTE
r-oldrel-windows-ix86+x86_64 1.0 4.00 34.00 38.00 OK
r-oldrel-osx-x86_64 1.0 NOTE

Check Details

Version: 1.0
Check: dependencies in R code
Result: NOTE
    Namespaces in Imports field not imported from:
     ‘colorRamps’ ‘virtualspecies’
     All declared Imports should be used.
Flavors: r-devel-linux-x86_64-fedora-clang, r-devel-linux-x86_64-fedora-gcc, r-patched-solaris-x86, r-release-osx-x86_64, r-oldrel-osx-x86_64