CRAN Package Check Results for Package ibmcraftr

Last updated on 2019-09-17 00:49:16 CEST.

Flavor Version Tinstall Tcheck Ttotal Status Flags
r-devel-linux-x86_64-debian-clang 1.0.0 16.30 21.41 37.71 OK
r-devel-linux-x86_64-debian-gcc 1.0.0 OK
r-devel-linux-x86_64-fedora-clang 1.0.0 52.18 NOTE
r-devel-linux-x86_64-fedora-gcc 1.0.0 48.25 NOTE
r-devel-windows-ix86+x86_64 1.0.0 41.00 52.00 93.00 OK
r-patched-linux-x86_64 1.0.0 13.28 21.31 34.59 OK
r-patched-solaris-x86 1.0.0 59.70 OK
r-release-linux-x86_64 1.0.0 12.15 21.99 34.14 OK
r-release-windows-ix86+x86_64 1.0.0 28.00 57.00 85.00 OK
r-release-osx-x86_64 1.0.0 OK
r-oldrel-windows-ix86+x86_64 1.0.0 37.00 51.00 88.00 OK
r-oldrel-osx-x86_64 1.0.0 OK

Check Details

Version: 1.0.0
Check: compiled code
Result: NOTE
    File ‘ibmcraftr/libs/ibmcraftr.so’:
     Found no calls to: ‘R_registerRoutines’, ‘R_useDynamicSymbols’
    
    It is good practice to register native routines and to disable symbol
    search.
    
    See ‘Writing portable packages’ in the ‘Writing R Extensions’ manual.
Flavors: r-devel-linux-x86_64-fedora-clang, r-devel-linux-x86_64-fedora-gcc