CRAN Package Check Results for Package ibmcraftr

Last updated on 2019-06-20 00:50:48 CEST.

Flavor Version Tinstall Tcheck Ttotal Status Flags
r-devel-linux-x86_64-debian-clang 1.0.0 16.21 21.80 38.01 OK
r-devel-linux-x86_64-debian-gcc 1.0.0 11.37 17.83 29.20 OK
r-devel-linux-x86_64-fedora-clang 1.0.0 51.56 NOTE
r-devel-linux-x86_64-fedora-gcc 1.0.0 47.06 NOTE
r-devel-windows-ix86+x86_64 1.0.0 38.00 67.00 105.00 OK
r-patched-linux-x86_64 1.0.0 14.20 21.87 36.07 OK
r-patched-solaris-x86 1.0.0 61.60 OK
r-release-linux-x86_64 1.0.0 13.97 21.83 35.80 OK
r-release-windows-ix86+x86_64 1.0.0 44.00 69.00 113.00 OK
r-release-osx-x86_64 1.0.0 OK
r-oldrel-windows-ix86+x86_64 1.0.0 29.00 69.00 98.00 OK
r-oldrel-osx-x86_64 1.0.0 OK

Check Details

Version: 1.0.0
Check: compiled code
Result: NOTE
    File ‘ibmcraftr/libs/ibmcraftr.so’:
     Found no calls to: ‘R_registerRoutines’, ‘R_useDynamicSymbols’
    
    It is good practice to register native routines and to disable symbol
    search.
    
    See ‘Writing portable packages’ in the ‘Writing R Extensions’ manual.
Flavors: r-devel-linux-x86_64-fedora-clang, r-devel-linux-x86_64-fedora-gcc