CRAN Package Check Results for Package ifs

Last updated on 2019-09-16 00:47:43 CEST.

Flavor Version Tinstall Tcheck Ttotal Status Flags
r-devel-linux-x86_64-debian-clang 0.1.5 2.74 19.70 22.44 OK
r-devel-linux-x86_64-debian-gcc 0.1.5 2.30 15.18 17.48 OK
r-devel-linux-x86_64-fedora-clang 0.1.5 27.26 NOTE
r-devel-linux-x86_64-fedora-gcc 0.1.5 29.12 NOTE
r-devel-windows-ix86+x86_64 0.1.5 15.00 57.00 72.00 OK
r-patched-linux-x86_64 0.1.5 2.61 19.64 22.25 OK
r-patched-solaris-x86 0.1.5 42.20 OK
r-release-linux-x86_64 0.1.5 2.53 19.66 22.19 OK
r-release-windows-ix86+x86_64 0.1.5 7.00 53.00 60.00 OK
r-release-osx-x86_64 0.1.5 OK
r-oldrel-windows-ix86+x86_64 0.1.5 6.00 37.00 43.00 OK
r-oldrel-osx-x86_64 0.1.5 OK

Additional issues

rchk

Check Details

Version: 0.1.5
Check: compiled code
Result: NOTE
    File ‘ifs/libs/ifs.so’:
     Found no call to: ‘R_useDynamicSymbols’
    
    It is good practice to register native routines and to disable symbol
    search.
    
    See ‘Writing portable packages’ in the ‘Writing R Extensions’ manual.
Flavors: r-devel-linux-x86_64-fedora-clang, r-devel-linux-x86_64-fedora-gcc