CRAN Package Check Results for Package ifs

Last updated on 2020-01-29 00:49:41 CET.

Flavor Version Tinstall Tcheck Ttotal Status Flags
r-devel-linux-x86_64-debian-clang 0.1.5 3.05 20.36 23.41 OK
r-devel-linux-x86_64-debian-gcc 0.1.5 2.36 16.41 18.77 OK
r-devel-linux-x86_64-fedora-clang 0.1.5 29.38 NOTE
r-devel-linux-x86_64-fedora-gcc 0.1.5 28.41 NOTE
r-devel-windows-ix86+x86_64 0.1.5 9.00 54.00 63.00 OK
r-devel-windows-ix86+x86_64-gcc8 0.1.5 9.00 58.00 67.00 OK
r-patched-linux-x86_64 0.1.5 OK
r-patched-solaris-x86 0.1.5 42.30 OK
r-release-linux-x86_64 0.1.5 2.31 18.89 21.20 OK
r-release-windows-ix86+x86_64 0.1.5 7.00 53.00 60.00 OK
r-release-osx-x86_64 0.1.5 OK
r-oldrel-windows-ix86+x86_64 0.1.5 6.00 37.00 43.00 OK
r-oldrel-osx-x86_64 0.1.5 OK

Additional issues

rchk

Check Details

Version: 0.1.5
Check: compiled code
Result: NOTE
    File ‘ifs/libs/ifs.so’:
     Found no call to: ‘R_useDynamicSymbols’
    
    It is good practice to register native routines and to disable symbol
    search.
    
    See ‘Writing portable packages’ in the ‘Writing R Extensions’ manual.
Flavors: r-devel-linux-x86_64-fedora-clang, r-devel-linux-x86_64-fedora-gcc