CRAN Package Check Results for Package intamapInteractive

Last updated on 2019-10-22 00:52:25 CEST.

Flavor Version Tinstall Tcheck Ttotal Status Flags
r-devel-linux-x86_64-debian-clang 1.1-12 16.10 168.79 184.89 OK
r-devel-linux-x86_64-debian-gcc 1.1-12 14.42 130.30 144.72 OK
r-devel-linux-x86_64-fedora-clang 1.1-12 224.74 OK
r-devel-linux-x86_64-fedora-gcc 1.1-12 217.04 OK
r-devel-windows-ix86+x86_64 1.1-12 18.00 8.00 26.00 ERROR
r-patched-linux-x86_64 1.1-12 15.59 161.22 176.81 OK
r-patched-solaris-x86 1.1-12 328.30 OK
r-release-linux-x86_64 1.1-12 15.26 162.30 177.56 OK
r-release-windows-ix86+x86_64 1.1-12 50.00 171.00 221.00 OK
r-release-osx-x86_64 1.1-12 OK
r-oldrel-windows-ix86+x86_64 1.1-12 17.00 155.00 172.00 OK
r-oldrel-osx-x86_64 1.1-12 OK

Check Details

Version: 1.1-12
Check: whether package can be installed
Result: ERROR
    Installation failed.
Flavor: r-devel-windows-ix86+x86_64