CRAN Package Check Results for Package interp

Last updated on 2019-06-26 00:47:30 CEST.

Flavor Version Tinstall Tcheck Ttotal Status Flags
r-devel-linux-x86_64-debian-clang 1.0-32 92.57 33.41 125.98 OK
r-devel-linux-x86_64-debian-gcc 1.0-32 89.27 28.74 118.01 OK
r-devel-linux-x86_64-fedora-clang 1.0-32 199.11 NOTE
r-devel-linux-x86_64-fedora-gcc 1.0-32 183.83 OK
r-devel-windows-ix86+x86_64 1.0-32 205.00 80.00 285.00 OK
r-patched-linux-x86_64 1.0-32 103.15 36.59 139.74 OK
r-patched-solaris-x86 1.0-32 186.60 OK
r-release-linux-x86_64 1.0-32 103.15 36.25 139.40 OK
r-release-windows-ix86+x86_64 1.0-32 164.00 103.00 267.00 OK
r-release-osx-x86_64 1.0-32 NOTE
r-oldrel-windows-ix86+x86_64 1.0-32 135.00 76.00 211.00 OK
r-oldrel-osx-x86_64 1.0-32 NOTE

Check Details

Version: 1.0-32
Check: installed package size
Result: NOTE
     installed size is 26.3Mb
     sub-directories of 1Mb or more:
     libs 26.0Mb
Flavors: r-devel-linux-x86_64-fedora-clang, r-release-osx-x86_64, r-oldrel-osx-x86_64