CRAN Package Check Results for Package interp

Last updated on 2019-09-21 00:52:43 CEST.

Flavor Version Tinstall Tcheck Ttotal Status Flags
r-devel-linux-x86_64-debian-clang 1.0-32 89.46 32.49 121.95 OK
r-devel-linux-x86_64-debian-gcc 1.0-32 87.02 28.20 115.22 OK
r-devel-linux-x86_64-fedora-clang 1.0-32 203.25 NOTE
r-devel-linux-x86_64-fedora-gcc 1.0-32 208.87 OK
r-devel-windows-ix86+x86_64 1.0-32 204.00 75.00 279.00 OK
r-patched-linux-x86_64 1.0-32 100.78 34.55 135.33 OK
r-patched-solaris-x86 1.0-32 167.10 OK
r-release-linux-x86_64 1.0-32 88.99 34.90 123.89 OK
r-release-windows-ix86+x86_64 1.0-32 155.00 81.00 236.00 OK
r-release-osx-x86_64 1.0-32 NOTE
r-oldrel-windows-ix86+x86_64 1.0-32 137.00 67.00 204.00 OK
r-oldrel-osx-x86_64 1.0-32 NOTE

Check Details

Version: 1.0-32
Check: installed package size
Result: NOTE
     installed size is 26.8Mb
     sub-directories of 1Mb or more:
     libs 26.5Mb
Flavors: r-devel-linux-x86_64-fedora-clang, r-release-osx-x86_64, r-oldrel-osx-x86_64