CRAN Package Check Results for Package irr

Last updated on 2019-09-17 00:49:16 CEST.

Flavor Version Tinstall Tcheck Ttotal Status Flags
r-devel-linux-x86_64-debian-clang 0.84.1 3.97 27.44 31.41 OK
r-devel-linux-x86_64-debian-gcc 0.84.1 OK
r-devel-linux-x86_64-fedora-clang 0.84.1 38.81 OK
r-devel-linux-x86_64-fedora-gcc 0.84.1 37.68 OK
r-devel-windows-ix86+x86_64 0.84.1 13.00 56.00 69.00 OK
r-patched-linux-x86_64 0.84.1 3.78 27.26 31.04 NOTE
r-patched-solaris-x86 0.84.1 53.10 OK
r-release-linux-x86_64 0.84.1 3.38 27.86 31.24 NOTE
r-release-windows-ix86+x86_64 0.84.1 6.00 69.00 75.00 OK
r-release-osx-x86_64 0.84.1 OK
r-oldrel-windows-ix86+x86_64 0.84.1 8.00 37.00 45.00 OK
r-oldrel-osx-x86_64 0.84.1 OK

Check Details

Version: 0.84.1
Check: Rd line widths
Result: NOTE
    Rd file 'N2.cohen.kappa.Rd':
     \examples lines wider than 100 characters:
     N2.cohen.kappa(c(0.2, 0.25, 0.55), k1=0.6, k0=0.4)
    
    These lines will be truncated in the PDF manual.
Flavors: r-patched-linux-x86_64, r-release-linux-x86_64