CRAN Package Check Results for Package irr

Last updated on 2019-06-18 00:51:41 CEST.

Flavor Version Tinstall Tcheck Ttotal Status Flags
r-devel-linux-x86_64-debian-clang 0.84.1 3.56 27.91 31.47 OK
r-devel-linux-x86_64-debian-gcc 0.84.1 3.28 22.27 25.55 OK
r-devel-linux-x86_64-fedora-clang 0.84.1 38.29 OK
r-devel-linux-x86_64-fedora-gcc 0.84.1 36.61 OK
r-devel-windows-ix86+x86_64 0.84.1 12.00 43.00 55.00 OK
r-patched-linux-x86_64 0.84.1 3.46 27.96 31.42 NOTE
r-patched-solaris-x86 0.84.1 54.00 OK
r-release-linux-x86_64 0.84.1 3.88 27.85 31.73 NOTE
r-release-windows-ix86+x86_64 0.84.1 7.00 51.00 58.00 OK
r-release-osx-x86_64 0.84.1 OK
r-oldrel-windows-ix86+x86_64 0.84.1 6.00 56.00 62.00 OK
r-oldrel-osx-x86_64 0.84.1 OK

Check Details

Version: 0.84.1
Check: Rd line widths
Result: NOTE
    Rd file 'N2.cohen.kappa.Rd':
     \examples lines wider than 100 characters:
     N2.cohen.kappa(c(0.2, 0.25, 0.55), k1=0.6, k0=0.4)
    
    These lines will be truncated in the PDF manual.
Flavors: r-patched-linux-x86_64, r-release-linux-x86_64