CRAN Package Check Results for Package irregulAR1

Last updated on 2019-11-12 00:52:46 CET.

Flavor Version Tinstall Tcheck Ttotal Status Flags
r-devel-linux-x86_64-debian-clang 1.0.0 61.46 59.21 120.67 NOTE
r-devel-linux-x86_64-debian-gcc 1.0.0 52.52 45.97 98.49 NOTE
r-devel-linux-x86_64-fedora-clang 1.0.0 167.40 NOTE
r-devel-linux-x86_64-fedora-gcc 1.0.0 165.51 NOTE
r-devel-windows-ix86+x86_64 1.0.0 127.00 109.00 236.00 OK
r-patched-linux-x86_64 1.0.0 55.89 56.52 112.41 NOTE
r-patched-solaris-x86 1.0.0 176.60 OK
r-release-linux-x86_64 1.0.0 53.83 55.69 109.52 NOTE
r-release-windows-ix86+x86_64 1.0.0 164.00 144.00 308.00 OK
r-release-osx-x86_64 1.0.0 OK
r-oldrel-windows-ix86+x86_64 1.0.0 154.00 102.00 256.00 OK
r-oldrel-osx-x86_64 1.0.0 OK

Check Details

Version: 1.0.0
Check: use of SHLIB_OPENMP_*FLAGS in Makefiles
Result: NOTE
     src/Makevars: SHLIB_OPENMP_CXXFLAGS is included in PKG_CXXFLAGS but not in PKG_LIBS
     src/Makevars: SHLIB_OPENMP_CFLAGS is included in PKG_LIBS but linking is by C++
     src/Makevars.win: SHLIB_OPENMP_CXXFLAGS is included in PKG_CXXFLAGS but not in PKG_LIBS
     src/Makevars.win: SHLIB_OPENMP_CFLAGS is included in PKG_LIBS but linking is by C++
    Use of these macros is discussed in sect 1.2.1.1 of 'Writing R
    Extensions'. The macros for different languages may differ so the
    matching macro must be used in PKG_CXXFLAGS (etc) and match that used
    in PKG_LIBS (except for Fortran: see the manual).
Flavors: r-devel-linux-x86_64-debian-clang, r-devel-linux-x86_64-debian-gcc, r-devel-linux-x86_64-fedora-clang, r-devel-linux-x86_64-fedora-gcc, r-patched-linux-x86_64, r-release-linux-x86_64