CRAN Package Check Results for Package irregulAR1

Last updated on 2019-07-16 00:48:12 CEST.

Flavor Version Tinstall Tcheck Ttotal Status Flags
r-devel-linux-x86_64-debian-clang 1.0.0 52.70 56.37 109.07 NOTE
r-devel-linux-x86_64-debian-gcc 1.0.0 49.86 45.79 95.65 NOTE
r-devel-linux-x86_64-fedora-clang 1.0.0 156.92 NOTE
r-devel-linux-x86_64-fedora-gcc 1.0.0 155.92 NOTE
r-devel-windows-ix86+x86_64 1.0.0 159.00 98.00 257.00 OK
r-patched-linux-x86_64 1.0.0 56.66 56.08 112.74 NOTE
r-patched-solaris-x86 1.0.0 192.10 OK
r-release-linux-x86_64 1.0.0 56.17 55.86 112.03 NOTE
r-release-windows-ix86+x86_64 1.0.0 122.00 136.00 258.00 OK
r-release-osx-x86_64 1.0.0 OK
r-oldrel-windows-ix86+x86_64 1.0.0 148.00 91.00 239.00 OK
r-oldrel-osx-x86_64 1.0.0 OK

Check Details

Version: 1.0.0
Check: use of SHLIB_OPENMP_*FLAGS in Makefiles
Result: NOTE
     src/Makevars: SHLIB_OPENMP_CXXFLAGS is included in PKG_CXXFLAGS but not in PKG_LIBS
     src/Makevars: SHLIB_OPENMP_CFLAGS is included in PKG_LIBS but linking is by C++
     src/Makevars.win: SHLIB_OPENMP_CXXFLAGS is included in PKG_CXXFLAGS but not in PKG_LIBS
     src/Makevars.win: SHLIB_OPENMP_CFLAGS is included in PKG_LIBS but linking is by C++
    Use of these macros is discussed in sect 1.2.1.1 of 'Writing R
    Extensions'. The macros for different languages may differ so the
    matching macro must be used in PKG_CXXFLAGS (etc) and match that used
    in PKG_LIBS (except for Fortran: see the manual).
Flavors: r-devel-linux-x86_64-debian-clang, r-devel-linux-x86_64-debian-gcc, r-devel-linux-x86_64-fedora-clang, r-devel-linux-x86_64-fedora-gcc, r-patched-linux-x86_64, r-release-linux-x86_64