CRAN Package Check Results for Package isdparser

Last updated on 2019-09-21 00:52:43 CEST.

Flavor Version Tinstall Tcheck Ttotal Status Flags
r-devel-linux-x86_64-debian-clang 0.3.0 3.13 69.34 72.47 OK
r-devel-linux-x86_64-debian-gcc 0.3.0 2.30 50.73 53.03 OK
r-devel-linux-x86_64-fedora-clang 0.3.0 85.83 NOTE
r-devel-linux-x86_64-fedora-gcc 0.3.0 84.89 NOTE
r-devel-windows-ix86+x86_64 0.3.0 13.00 67.00 80.00 OK
r-patched-linux-x86_64 0.3.0 2.65 65.09 67.74 OK
r-patched-solaris-x86 0.3.0 114.80 NOTE
r-release-linux-x86_64 0.3.0 2.16 65.67 67.83 OK
r-release-windows-ix86+x86_64 0.3.0 7.00 103.00 110.00 OK
r-release-osx-x86_64 0.3.0 NOTE
r-oldrel-windows-ix86+x86_64 0.3.0 5.00 74.00 79.00 OK
r-oldrel-osx-x86_64 0.3.0 NOTE

Check Details

Version: 0.3.0
Check: data for non-ASCII characters
Result: NOTE
     Note: found 104 marked UTF-8 strings
Flavors: r-devel-linux-x86_64-fedora-clang, r-devel-linux-x86_64-fedora-gcc, r-patched-solaris-x86, r-release-osx-x86_64, r-oldrel-osx-x86_64