CRAN Package Check Results for Package ivmte

Last updated on 2020-01-22 00:48:59 CET.

Flavor Version Tinstall Tcheck Ttotal Status Flags
r-devel-linux-x86_64-debian-clang 1.1.0 12.08 89.39 101.47 NOTE --no-vignettes
r-devel-linux-x86_64-debian-gcc 1.1.0 9.98 64.50 74.48 NOTE --no-vignettes
r-devel-linux-x86_64-fedora-clang 1.1.0 122.80 NOTE --no-vignettes
r-devel-linux-x86_64-fedora-gcc 1.1.0 116.88 NOTE --no-vignettes
r-devel-windows-ix86+x86_64 1.1.0 26.00 104.00 130.00 NOTE --no-vignettes
r-devel-windows-ix86+x86_64-gcc8 1.1.0 25.00 146.00 171.00 NOTE --no-vignettes
r-patched-linux-x86_64 1.1.0 11.19 79.39 90.58 NOTE --no-vignettes
r-patched-solaris-x86 1.1.0 143.40 NOTE --no-vignettes
r-release-linux-x86_64 1.1.0 9.69 77.79 87.48 NOTE --no-vignettes
r-release-windows-ix86+x86_64 1.1.0 21.00 124.00 145.00 NOTE --no-vignettes
r-release-osx-x86_64 1.1.0 NOTE
r-oldrel-windows-ix86+x86_64 1.0.1 14.00 324.00 338.00 NOTE
r-oldrel-osx-x86_64 1.1.0 ERROR

Check Details

Version: 1.1.0
Flags: --no-vignettes
Check: package dependencies
Result: NOTE
    Package suggested but not available for checking: 'gurobi'
Flavors: r-devel-linux-x86_64-debian-clang, r-devel-linux-x86_64-debian-gcc, r-patched-linux-x86_64, r-release-linux-x86_64

Version: 1.1.0
Flags: --no-vignettes
Check: package dependencies
Result: NOTE
    Packages suggested but not available for checking: 'gurobi', 'cplexAPI'
Flavors: r-devel-linux-x86_64-fedora-clang, r-devel-linux-x86_64-fedora-gcc, r-devel-windows-ix86+x86_64, r-devel-windows-ix86+x86_64-gcc8, r-patched-solaris-x86, r-release-windows-ix86+x86_64

Version: 1.1.0
Check: package dependencies
Result: NOTE
    Packages suggested but not available for checking: 'gurobi', 'cplexAPI'
Flavor: r-release-osx-x86_64

Version: 1.0.1
Check: package dependencies
Result: NOTE
    Packages suggested but not available for checking:
     'gurobi' 'Rcplex' 'cplexAPI'
Flavor: r-oldrel-windows-ix86+x86_64

Version: 1.1.0
Check: package dependencies
Result: NOTE
    Packages suggested but not available for checking: ‘gurobi’ ‘cplexAPI’
Flavor: r-oldrel-osx-x86_64

Version: 1.1.0
Check: whether package can be installed
Result: ERROR
    Installation failed.
Flavor: r-oldrel-osx-x86_64