CRAN Package Check Results for Package ivmte

Last updated on 2019-09-16 00:47:43 CEST.

Flavor Version Tinstall Tcheck Ttotal Status Flags
r-devel-linux-x86_64-debian-clang 1.0.1 8.96 225.22 234.18 NOTE
r-devel-linux-x86_64-debian-gcc 1.0.1 7.68 159.12 166.80 NOTE
r-devel-linux-x86_64-fedora-clang 1.0.1 250.74 NOTE
r-devel-linux-x86_64-fedora-gcc 1.0.1 255.35 NOTE
r-devel-windows-ix86+x86_64 1.0.1 19.00 224.00 243.00 NOTE
r-patched-linux-x86_64 1.0.1 9.75 218.35 228.10 NOTE
r-patched-solaris-x86 1.0.1 308.30 NOTE
r-release-linux-x86_64 1.0.1 7.28 218.58 225.86 NOTE
r-release-windows-ix86+x86_64 1.0.1 15.00 308.00 323.00 NOTE
r-release-osx-x86_64 1.0.1 NOTE
r-oldrel-windows-ix86+x86_64 1.0.1 15.00 242.00 257.00 NOTE
r-oldrel-osx-x86_64 1.0.1 NOTE

Check Details

Version: 1.0.1
Check: package dependencies
Result: NOTE
    Package suggested but not available for checking: 'gurobi'
Flavors: r-devel-linux-x86_64-debian-clang, r-devel-linux-x86_64-debian-gcc, r-patched-linux-x86_64, r-release-linux-x86_64

Version: 1.0.1
Check: package dependencies
Result: NOTE
    Packages suggested but not available for checking:
     'gurobi', 'Rcplex', 'cplexAPI'
Flavors: r-devel-linux-x86_64-fedora-clang, r-devel-linux-x86_64-fedora-gcc, r-devel-windows-ix86+x86_64, r-patched-solaris-x86, r-release-windows-ix86+x86_64, r-release-osx-x86_64

Version: 1.0.1
Check: package dependencies
Result: NOTE
    Packages suggested but not available for checking:
     'gurobi' 'Rcplex' 'cplexAPI'
Flavors: r-oldrel-windows-ix86+x86_64, r-oldrel-osx-x86_64