CRAN Package Check Results for Package jiebaR

Last updated on 2019-12-16 00:48:58 CET.

Flavor Version Tinstall Tcheck Ttotal Status Flags
r-devel-linux-x86_64-debian-clang 0.10.99 78.28 57.24 135.52 NOTE
r-devel-linux-x86_64-debian-gcc 0.11 48.25 47.66 95.91 OK
r-devel-linux-x86_64-fedora-clang 0.11 185.16 NOTE
r-devel-linux-x86_64-fedora-gcc 0.11 180.83 OK
r-devel-windows-ix86+x86_64 0.11 168.00 196.00 364.00 OK
r-devel-windows-ix86+x86_64-gcc8 0.10.99 141.00 172.00 313.00 NOTE
r-patched-linux-x86_64 0.10.99 56.15 55.05 111.20 OK
r-patched-solaris-x86 0.11 187.40 OK
r-release-linux-x86_64 0.11 54.07 55.05 109.12 OK
r-release-windows-ix86+x86_64 0.10.99 137.00 151.00 288.00 OK
r-release-osx-x86_64 0.11 NOTE
r-oldrel-windows-ix86+x86_64 0.11 137.00 130.00 267.00 OK
r-oldrel-osx-x86_64 0.11 NOTE

Check Details

Version: 0.10.99
Check: package vignettes
Result: NOTE
    Package vignette with placeholder title 'Vignette Title':
     'Quick_Start_Guide.Rmd'
Flavors: r-devel-linux-x86_64-debian-clang, r-devel-windows-ix86+x86_64-gcc8

Version: 0.11
Check: installed package size
Result: NOTE
     installed size is 6.0Mb
     sub-directories of 1Mb or more:
     libs 5.5Mb
Flavors: r-devel-linux-x86_64-fedora-clang, r-release-osx-x86_64, r-oldrel-osx-x86_64