CRAN Package Check Results for Package jiebaR

Last updated on 2019-07-16 00:48:12 CEST.

Flavor Version Tinstall Tcheck Ttotal Status Flags
r-devel-linux-x86_64-debian-clang 0.10.99 64.55 54.56 119.11 NOTE
r-devel-linux-x86_64-debian-gcc 0.10.99 46.56 45.30 91.86 NOTE
r-devel-linux-x86_64-fedora-clang 0.10.99 172.98 NOTE
r-devel-linux-x86_64-fedora-gcc 0.10.99 160.70 OK
r-devel-windows-ix86+x86_64 0.10.99 170.00 135.00 305.00 OK
r-patched-linux-x86_64 0.10.99 57.81 55.56 113.37 OK
r-patched-solaris-x86 0.10.99 206.50 OK
r-release-linux-x86_64 0.10.99 56.79 54.73 111.52 OK
r-release-windows-ix86+x86_64 0.10.99 134.00 195.00 329.00 OK
r-release-osx-x86_64 0.10.99 NOTE
r-oldrel-windows-ix86+x86_64 0.10.99 170.00 178.00 348.00 OK
r-oldrel-osx-x86_64 0.10.99 NOTE

Check Details

Version: 0.10.99
Check: package vignettes
Result: NOTE
    Package vignette with placeholder title 'Vignette Title':
     'Quick_Start_Guide.Rmd'
Flavors: r-devel-linux-x86_64-debian-clang, r-devel-linux-x86_64-debian-gcc

Version: 0.10.99
Check: installed package size
Result: NOTE
     installed size is 5.5Mb
     sub-directories of 1Mb or more:
     libs 5.1Mb
Flavors: r-devel-linux-x86_64-fedora-clang, r-release-osx-x86_64, r-oldrel-osx-x86_64