CRAN Package Check Results for Package jiebaRD

Last updated on 2019-12-06 00:49:59 CET.

Flavor Version Tinstall Tcheck Ttotal Status Flags
r-devel-linux-x86_64-debian-clang 0.1 1.70 16.03 17.73 OK
r-devel-linux-x86_64-debian-gcc 0.1 1.66 13.09 14.75 OK
r-devel-linux-x86_64-fedora-clang 0.1 21.55 OK
r-devel-linux-x86_64-fedora-gcc 0.1 21.16 OK
r-devel-windows-ix86+x86_64 0.1 5.00 37.00 42.00 OK
r-devel-windows-ix86+x86_64-gcc8 0.1 5.00 29.00 34.00 OK
r-patched-linux-x86_64 0.1 1.60 15.10 16.70 OK
r-patched-solaris-x86 0.1 32.30 NOTE
r-release-linux-x86_64 0.1 1.60 14.99 16.59 OK
r-release-windows-ix86+x86_64 0.1 7.00 31.00 38.00 OK
r-release-osx-x86_64 0.1 OK
r-oldrel-windows-ix86+x86_64 0.1 2.00 27.00 29.00 OK
r-oldrel-osx-x86_64 0.1 OK

Check Details

Version: 0.1
Check: installed package size
Result: NOTE
     installed size is 5.1Mb
     sub-directories of 1Mb or more:
     dict 5.0Mb
Flavor: r-patched-solaris-x86