CRAN Package Check Results for Package jiebaRD

Last updated on 2019-08-17 00:51:15 CEST.

Flavor Version Tinstall Tcheck Ttotal Status Flags
r-devel-linux-x86_64-debian-clang 0.1 2.03 15.61 17.64 OK
r-devel-linux-x86_64-debian-gcc 0.1 1.70 12.83 14.53 OK
r-devel-linux-x86_64-fedora-clang 0.1 21.00 OK
r-devel-linux-x86_64-fedora-gcc 0.1 19.86 OK
r-devel-windows-ix86+x86_64 0.1 11.00 35.00 46.00 OK
r-patched-linux-x86_64 0.1 1.87 15.56 17.43 OK
r-patched-solaris-x86 0.1 34.60 NOTE
r-release-linux-x86_64 0.1 1.84 15.55 17.39 OK
r-release-windows-ix86+x86_64 0.1 6.00 27.00 33.00 OK
r-release-osx-x86_64 0.1 OK
r-oldrel-windows-ix86+x86_64 0.1 3.00 40.00 43.00 OK
r-oldrel-osx-x86_64 0.1 OK

Check Details

Version: 0.1
Check: installed package size
Result: NOTE
     installed size is 5.1Mb
     sub-directories of 1Mb or more:
     dict 5.0Mb
Flavor: r-patched-solaris-x86