CRAN Package Check Results for Package jmcm

Last updated on 2019-07-16 00:48:12 CEST.

Flavor Version Tinstall Tcheck Ttotal Status Flags
r-devel-linux-x86_64-debian-clang 0.2.1 49.67 132.33 182.00 OK
r-devel-linux-x86_64-debian-gcc 0.2.1 45.02 134.43 179.45 OK
r-devel-linux-x86_64-fedora-clang 0.2.1 247.56 NOTE
r-devel-linux-x86_64-fedora-gcc 0.2.1 305.99 NOTE
r-devel-windows-ix86+x86_64 0.2.1 147.00 403.00 550.00 OK
r-patched-linux-x86_64 0.2.1 49.32 165.59 214.91 OK
r-patched-solaris-x86 0.2.1 476.30 NOTE
r-release-linux-x86_64 0.2.1 48.56 164.53 213.09 OK
r-release-windows-ix86+x86_64 0.2.1 114.00 490.00 604.00 OK
r-release-osx-x86_64 0.2.1 NOTE
r-oldrel-windows-ix86+x86_64 0.2.1 141.00 409.00 550.00 OK
r-oldrel-osx-x86_64 0.2.1 NOTE

Check Details

Version: 0.2.1
Check: installed package size
Result: NOTE
     installed size is 5.5Mb
     sub-directories of 1Mb or more:
     libs 4.4Mb
Flavors: r-devel-linux-x86_64-fedora-clang, r-release-osx-x86_64, r-oldrel-osx-x86_64

Version: 0.2.1
Check: dependencies in R code
Result: NOTE
    Namespace in Imports field not imported from: ‘lattice’
     All declared Imports should be used.
Flavors: r-devel-linux-x86_64-fedora-clang, r-devel-linux-x86_64-fedora-gcc, r-patched-solaris-x86, r-release-osx-x86_64, r-oldrel-osx-x86_64