CRAN Package Check Results for Package jmcm

Last updated on 2019-10-23 00:47:53 CEST.

Flavor Version Tinstall Tcheck Ttotal Status Flags
r-devel-linux-x86_64-debian-clang 0.2.1 62.45 133.36 195.81 OK
r-devel-linux-x86_64-debian-gcc 0.2.1 44.59 128.77 173.36 OK
r-devel-linux-x86_64-fedora-clang 0.2.1 246.96 NOTE
r-devel-linux-x86_64-fedora-gcc 0.2.1 313.37 NOTE
r-devel-windows-ix86+x86_64 0.2.1 105.00 463.00 568.00 OK
r-patched-linux-x86_64 0.2.1 44.28 173.64 217.92 OK
r-patched-solaris-x86 0.2.1 468.40 NOTE
r-release-linux-x86_64 0.2.1 45.35 170.95 216.30 OK
r-release-windows-ix86+x86_64 0.2.1 140.00 492.00 632.00 OK
r-release-osx-x86_64 0.2.1 NOTE
r-oldrel-windows-ix86+x86_64 0.2.1 137.00 481.00 618.00 OK
r-oldrel-osx-x86_64 0.2.1 NOTE

Check Details

Version: 0.2.1
Check: installed package size
Result: NOTE
     installed size is 6.0Mb
     sub-directories of 1Mb or more:
     libs 4.8Mb
Flavors: r-devel-linux-x86_64-fedora-clang, r-release-osx-x86_64, r-oldrel-osx-x86_64

Version: 0.2.1
Check: dependencies in R code
Result: NOTE
    Namespace in Imports field not imported from: ‘lattice’
     All declared Imports should be used.
Flavors: r-devel-linux-x86_64-fedora-clang, r-devel-linux-x86_64-fedora-gcc, r-patched-solaris-x86, r-release-osx-x86_64, r-oldrel-osx-x86_64