CRAN Package Check Results for Package jmvcore

Last updated on 2019-08-17 00:51:15 CEST.

Flavor Version Tinstall Tcheck Ttotal Status Flags
r-devel-linux-x86_64-debian-clang 1.0.0 23.66 29.15 52.81 OK
r-devel-linux-x86_64-debian-gcc 1.0.0 19.24 23.20 42.44 OK
r-devel-linux-x86_64-fedora-clang 1.0.0 64.38 OK
r-devel-linux-x86_64-fedora-gcc 1.0.0 62.53 OK
r-devel-windows-ix86+x86_64 1.0.0 39.00 55.00 94.00 OK
r-patched-linux-x86_64 1.0.0 21.97 28.68 50.65 OK
r-patched-solaris-x86 1.0.0 86.20 NOTE
r-release-linux-x86_64 1.0.0 21.55 29.05 50.60 OK
r-release-windows-ix86+x86_64 1.0.0 69.00 54.00 123.00 OK
r-release-osx-x86_64 1.0.0 OK
r-oldrel-windows-ix86+x86_64 1.0.0 71.00 64.00 135.00 OK
r-oldrel-osx-x86_64 1.0.0 OK

Check Details

Version: 1.0.0
Check: package dependencies
Result: NOTE
    Package suggested but not available for checking: ‘RProtoBuf’
Flavor: r-patched-solaris-x86