CRAN Package Check Results for Package jmvcore

Last updated on 2019-12-06 00:49:59 CET.

Flavor Version Tinstall Tcheck Ttotal Status Flags
r-devel-linux-x86_64-debian-clang 1.0.8 28.60 32.43 61.03 OK
r-devel-linux-x86_64-debian-gcc 1.0.8 21.10 25.11 46.21 OK
r-devel-linux-x86_64-fedora-clang 1.0.8 68.59 OK
r-devel-linux-x86_64-fedora-gcc 1.0.8 68.45 OK
r-devel-windows-ix86+x86_64 1.0.8 33.00 58.00 91.00 OK
r-devel-windows-ix86+x86_64-gcc8 1.0.8 38.00 43.00 81.00 OK
r-patched-linux-x86_64 1.0.8 19.46 29.92 49.38 OK
r-patched-solaris-x86 1.0.8 89.90 NOTE
r-release-linux-x86_64 1.0.8 21.32 29.18 50.50 OK
r-release-windows-ix86+x86_64 1.0.8 40.00 43.00 83.00 OK
r-release-osx-x86_64 1.0.8 OK
r-oldrel-windows-ix86+x86_64 1.0.8 58.00 65.00 123.00 OK
r-oldrel-osx-x86_64 1.0.8 OK

Check Details

Version: 1.0.8
Check: package dependencies
Result: NOTE
    Package suggested but not available for checking: ‘RProtoBuf’
Flavor: r-patched-solaris-x86