CRAN Package Check Results for Package jskm

Last updated on 2019-10-22 00:52:25 CEST.

Flavor Version Tinstall Tcheck Ttotal Status Flags
r-devel-linux-x86_64-debian-clang 0.3.7 9.15 100.83 109.98 OK
r-devel-linux-x86_64-debian-gcc 0.3.7 7.87 75.28 83.15 OK
r-devel-linux-x86_64-fedora-clang 0.3.7 128.88 OK
r-devel-linux-x86_64-fedora-gcc 0.3.7 126.29 OK
r-devel-windows-ix86+x86_64 0.3.7 17.00 139.00 156.00 OK
r-patched-linux-x86_64 0.3.7 6.88 95.36 102.24 OK
r-patched-solaris-x86 0.3.7 192.30 OK
r-release-linux-x86_64 0.3.7 6.84 97.08 103.92 OK
r-release-windows-ix86+x86_64 0.3.7 26.00 101.00 127.00 OK
r-release-osx-x86_64 0.3.7 OK
r-oldrel-windows-ix86+x86_64 0.3.7 11.00 102.00 113.00 WARN
r-oldrel-osx-x86_64 0.3.7 OK

Check Details

Version: 0.3.7
Check: whether package can be installed
Result: WARN
    Found the following significant warnings:
     Warning: S3 methods '[.fun_list', '[.grouped_df', 'all.equal.tbl_df', 'anti_join.data.frame', 'anti_join.tbl_df', 'arrange.data.frame', 'arrange.default', 'arrange.grouped_df', 'arrange.tbl_df', 'arrange_.data.frame', 'arrange_.tbl_df', 'as.data.frame.grouped_df', 'as.data.frame.rowwise_df', 'as.data.frame.tbl_cube', 'as.table.tbl_cube', 'as.tbl.data.frame', 'as.tbl.tbl', 'as.tbl_cube.array', 'as.tbl_cube.data.frame', 'as.tbl_cube.matrix', 'as.tbl_cube.table', 'as_tibble.grouped_df', 'as_tibble.tbl_cube', 'auto_copy.tbl_cube', 'auto_copy.tbl_df', 'cbind.grouped_df', 'collapse.data.frame', 'collect.data.frame', 'common_by.NULL', 'common_by.character', 'common_by.default', 'common_by.list', 'compute.data.frame', 'copy_to.DBIConnection', 'copy_to.src_local', 'default_missing.data.frame', 'default_missing.default', 'dim.tbl_cube', 'distinct.data.frame', 'distinct.default', 'distinct.grouped_df', 'distinct.tbl_df', 'distinct_.data.frame', 'distinct_.grouped_df', 'distinct_.tbl_df', 'do.NULL', 'do.da [... truncated]
Flavor: r-oldrel-windows-ix86+x86_64