CRAN Package Check Results for Package kmconfband

Last updated on 2019-06-20 00:50:50 CEST.

Flavor Version Tinstall Tcheck Ttotal Status Flags
r-devel-linux-x86_64-debian-clang 0.1 6.02 51.37 57.39 NOTE
r-devel-linux-x86_64-debian-gcc 0.1 5.59 41.31 46.90 NOTE
r-devel-linux-x86_64-fedora-clang 0.1 68.66 NOTE
r-devel-linux-x86_64-fedora-gcc 0.1 66.93 NOTE
r-devel-windows-ix86+x86_64 0.1 17.00 74.00 91.00 NOTE
r-patched-linux-x86_64 0.1 7.01 51.04 58.05 NOTE
r-patched-solaris-x86 0.1 108.80 NOTE
r-release-linux-x86_64 0.1 5.11 50.75 55.86 NOTE
r-release-windows-ix86+x86_64 0.1 16.00 59.00 75.00 NOTE
r-release-osx-x86_64 0.1 NOTE
r-oldrel-windows-ix86+x86_64 0.1 7.00 84.00 91.00 NOTE
r-oldrel-osx-x86_64 0.1 NOTE

Check Details

Version: 0.1
Check: DESCRIPTION meta-information
Result: NOTE
    Malformed Description field: should contain one or more complete sentences.
Flavors: r-devel-linux-x86_64-debian-clang, r-devel-linux-x86_64-debian-gcc, r-devel-linux-x86_64-fedora-clang, r-devel-linux-x86_64-fedora-gcc, r-devel-windows-ix86+x86_64, r-patched-linux-x86_64, r-patched-solaris-x86, r-release-linux-x86_64, r-release-windows-ix86+x86_64, r-release-osx-x86_64, r-oldrel-windows-ix86+x86_64, r-oldrel-osx-x86_64

Version: 0.1
Check: R code for possible problems
Result: NOTE
    noe.compute.pv: no visible global function definition for 'punif'
    Undefined global functions or variables:
     punif
    Consider adding
     importFrom("stats", "punif")
    to your NAMESPACE file.
Flavors: r-devel-linux-x86_64-debian-clang, r-devel-linux-x86_64-debian-gcc, r-devel-linux-x86_64-fedora-clang, r-devel-linux-x86_64-fedora-gcc, r-devel-windows-ix86+x86_64, r-patched-linux-x86_64, r-patched-solaris-x86, r-release-linux-x86_64, r-release-windows-ix86+x86_64, r-release-osx-x86_64, r-oldrel-windows-ix86+x86_64, r-oldrel-osx-x86_64