CRAN Package Check Results for Package kmconfband

Last updated on 2019-09-17 00:49:17 CEST.

Flavor Version Tinstall Tcheck Ttotal Status Flags
r-devel-linux-x86_64-debian-clang 0.1 6.83 50.97 57.80 NOTE
r-devel-linux-x86_64-debian-gcc 0.1 NOTE
r-devel-linux-x86_64-fedora-clang 0.1 70.39 NOTE
r-devel-linux-x86_64-fedora-gcc 0.1 69.38 NOTE
r-devel-windows-ix86+x86_64 0.1 16.00 63.00 79.00 NOTE
r-patched-linux-x86_64 0.1 6.54 50.59 57.13 NOTE
r-patched-solaris-x86 0.1 107.30 NOTE
r-release-linux-x86_64 0.1 6.49 50.32 56.81 NOTE
r-release-windows-ix86+x86_64 0.1 12.00 84.00 96.00 NOTE
r-release-osx-x86_64 0.1 NOTE
r-oldrel-windows-ix86+x86_64 0.1 9.00 61.00 70.00 NOTE
r-oldrel-osx-x86_64 0.1 NOTE

Check Details

Version: 0.1
Check: DESCRIPTION meta-information
Result: NOTE
    Malformed Description field: should contain one or more complete sentences.
Flavors: r-devel-linux-x86_64-debian-clang, r-devel-linux-x86_64-debian-gcc, r-devel-linux-x86_64-fedora-clang, r-devel-linux-x86_64-fedora-gcc, r-devel-windows-ix86+x86_64, r-patched-linux-x86_64, r-patched-solaris-x86, r-release-linux-x86_64, r-release-windows-ix86+x86_64, r-release-osx-x86_64, r-oldrel-windows-ix86+x86_64, r-oldrel-osx-x86_64

Version: 0.1
Check: R code for possible problems
Result: NOTE
    noe.compute.pv: no visible global function definition for 'punif'
    Undefined global functions or variables:
     punif
    Consider adding
     importFrom("stats", "punif")
    to your NAMESPACE file.
Flavors: r-devel-linux-x86_64-debian-clang, r-devel-linux-x86_64-debian-gcc, r-devel-linux-x86_64-fedora-clang, r-devel-linux-x86_64-fedora-gcc, r-devel-windows-ix86+x86_64, r-patched-linux-x86_64, r-patched-solaris-x86, r-release-linux-x86_64, r-release-windows-ix86+x86_64, r-release-osx-x86_64, r-oldrel-windows-ix86+x86_64, r-oldrel-osx-x86_64