CRAN Package Check Results for Package krm

Last updated on 2019-09-21 00:52:44 CEST.

Flavor Version Tinstall Tcheck Ttotal Status Flags
r-devel-linux-x86_64-debian-clang 2018.8-17 10.16 34.20 44.36 WARN
r-devel-linux-x86_64-debian-gcc 2018.8-17 8.02 27.62 35.64 OK
r-devel-linux-x86_64-fedora-clang 2018.8-17 65.66 OK
r-devel-linux-x86_64-fedora-gcc 2018.8-17 55.28 OK
r-devel-windows-ix86+x86_64 2018.8-17 32.00 75.00 107.00 OK
r-patched-linux-x86_64 2018.8-17 9.10 33.91 43.01 OK
r-patched-solaris-x86 2018.8-17 86.40 OK
r-release-linux-x86_64 2018.8-17 9.21 34.95 44.16 OK
r-release-windows-ix86+x86_64 2018.8-17 27.00 98.00 125.00 OK
r-release-osx-x86_64 2018.8-17 OK
r-oldrel-windows-ix86+x86_64 2018.8-17 24.00 72.00 96.00 OK
r-oldrel-osx-x86_64 2018.8-17 OK

Check Details

Version: 2018.8-17
Check: whether package can be installed
Result: WARN
    Found the following significant warnings:
     ./U.h:248:3: warning: ignoring return value of function declared with 'warn_unused_result' attribute [-Wunused-result]
     ./U.h:253:3: warning: ignoring return value of function declared with 'warn_unused_result' attribute [-Wunused-result]
Flavor: r-devel-linux-x86_64-debian-clang