CRAN Package Check Results for Package labeledLoop

Last updated on 2019-06-18 00:51:42 CEST.

Flavor Version Tinstall Tcheck Ttotal Status Flags
r-devel-linux-x86_64-debian-clang 0.1 1.33 15.83 17.16 NOTE
r-devel-linux-x86_64-debian-gcc 0.1 1.14 13.09 14.23 NOTE
r-devel-linux-x86_64-fedora-clang 0.1 21.26 NOTE
r-devel-linux-x86_64-fedora-gcc 0.1 20.61 NOTE
r-devel-windows-ix86+x86_64 0.1 4.00 26.00 30.00 NOTE
r-patched-linux-x86_64 0.1 1.33 15.66 16.99 NOTE
r-patched-solaris-x86 0.1 33.80 NOTE
r-release-linux-x86_64 0.1 1.36 15.64 17.00 NOTE
r-release-windows-ix86+x86_64 0.1 4.00 35.00 39.00 NOTE
r-release-osx-x86_64 0.1 NOTE
r-oldrel-windows-ix86+x86_64 0.1 2.00 26.00 28.00 NOTE
r-oldrel-osx-x86_64 0.1 NOTE

Check Details

Version: 0.1
Check: for hidden files and directories
Result: NOTE
    Found the following hidden files and directories:
     .Rapp.history
    These were most likely included in error. See section 'Package
    structure' in the 'Writing R Extensions' manual.
Flavors: r-devel-linux-x86_64-debian-clang, r-devel-linux-x86_64-debian-gcc, r-devel-linux-x86_64-fedora-clang, r-devel-linux-x86_64-fedora-gcc, r-devel-windows-ix86+x86_64, r-patched-linux-x86_64, r-patched-solaris-x86, r-release-linux-x86_64, r-release-windows-ix86+x86_64, r-release-osx-x86_64, r-oldrel-windows-ix86+x86_64, r-oldrel-osx-x86_64

Version: 0.1
Check: DESCRIPTION meta-information
Result: NOTE
    Malformed Description field: should contain one or more complete sentences.
    License components which are templates and need '+ file LICENSE':
     MIT
Flavors: r-devel-linux-x86_64-debian-clang, r-devel-linux-x86_64-debian-gcc, r-devel-linux-x86_64-fedora-clang, r-devel-linux-x86_64-fedora-gcc, r-patched-linux-x86_64, r-patched-solaris-x86, r-release-linux-x86_64, r-release-osx-x86_64, r-oldrel-osx-x86_64

Version: 0.1
Check: DESCRIPTION meta-information
Result: NOTE
    Malformed Description field: should contain one or more complete sentences.
Flavors: r-devel-windows-ix86+x86_64, r-release-windows-ix86+x86_64, r-oldrel-windows-ix86+x86_64