CRAN Package Check Results for Package lagsarlmtree

Last updated on 2019-10-23 00:47:54 CEST.

Flavor Version Tinstall Tcheck Ttotal Status Flags
r-devel-linux-x86_64-debian-clang 1.0-1 9.41 86.11 95.52 OK
r-devel-linux-x86_64-debian-gcc 1.0-1 7.23 72.64 79.87 OK
r-devel-linux-x86_64-fedora-clang 1.0-1 116.73 NOTE
r-devel-linux-x86_64-fedora-gcc 1.0-1 116.59 OK
r-devel-windows-ix86+x86_64 1.0-1 20.00 138.00 158.00 NOTE
r-patched-linux-x86_64 1.0-1 8.49 85.99 94.48 OK
r-patched-solaris-x86 1.0-1 186.20 NOTE
r-release-linux-x86_64 1.0-1 8.24 88.79 97.03 OK
r-release-windows-ix86+x86_64 1.0-1 34.00 92.00 126.00 NOTE
r-release-osx-x86_64 1.0-1 NOTE
r-oldrel-windows-ix86+x86_64 1.0-1 17.00 132.00 149.00 NOTE
r-oldrel-osx-x86_64 1.0-1 NOTE

Check Details

Version: 1.0-1
Check: installed package size
Result: NOTE
     installed size is 8.4Mb
     sub-directories of 1Mb or more:
     data 8.3Mb
Flavors: r-devel-linux-x86_64-fedora-clang, r-devel-windows-ix86+x86_64, r-patched-solaris-x86, r-release-windows-ix86+x86_64, r-release-osx-x86_64, r-oldrel-windows-ix86+x86_64, r-oldrel-osx-x86_64