CRAN Package Check Results for Package languageserver

Last updated on 2019-09-22 00:47:41 CEST.

Flavor Version Tinstall Tcheck Ttotal Status Flags
r-devel-linux-x86_64-debian-clang 0.3.0 11.23 27.46 38.69 OK
r-devel-linux-x86_64-debian-gcc 0.3.0 8.48 22.36 30.84 OK
r-devel-linux-x86_64-fedora-clang 0.3.0 50.01 NOTE
r-devel-linux-x86_64-fedora-gcc 0.3.0 49.24 NOTE
r-devel-windows-ix86+x86_64 0.3.0 22.00 48.00 70.00 OK
r-patched-linux-x86_64 0.3.0 11.03 27.64 38.67 OK
r-patched-solaris-x86 0.3.0 66.10 NOTE
r-release-linux-x86_64 0.3.0 9.80 27.52 37.32 OK
r-release-windows-ix86+x86_64 0.3.0 22.00 50.00 72.00 OK
r-release-osx-x86_64 0.3.0 NOTE
r-oldrel-windows-ix86+x86_64 0.3.0 19.00 52.00 71.00 OK
r-oldrel-osx-x86_64 0.3.0 NOTE

Check Details

Version: 0.3.0
Check: dependencies in R code
Result: NOTE
    Namespaces in Imports field not imported from:
     ‘collections’ ‘repr’
     All declared Imports should be used.
Flavors: r-devel-linux-x86_64-fedora-clang, r-devel-linux-x86_64-fedora-gcc, r-patched-solaris-x86, r-release-osx-x86_64, r-oldrel-osx-x86_64