CRAN Package Check Results for Package lans2r

Last updated on 2019-10-22 00:52:25 CEST.

Flavor Version Tinstall Tcheck Ttotal Status Flags
r-devel-linux-x86_64-debian-clang 1.0.5 6.08 91.85 97.93 OK
r-devel-linux-x86_64-debian-gcc 1.0.5 4.95 70.09 75.04 OK
r-devel-linux-x86_64-fedora-clang 1.0.5 116.92 OK
r-devel-linux-x86_64-fedora-gcc 1.0.5 109.60 OK
r-devel-windows-ix86+x86_64 1.0.5 15.00 166.00 181.00 OK
r-patched-linux-x86_64 1.0.5 5.58 87.22 92.80 OK
r-patched-solaris-x86 1.0.5 171.90 NOTE
r-release-linux-x86_64 1.0.5 5.80 89.24 95.04 OK
r-release-windows-ix86+x86_64 1.0.5 25.00 149.00 174.00 OK
r-release-osx-x86_64 1.0.5 OK
r-oldrel-windows-ix86+x86_64 1.0.5 8.00 92.00 100.00 OK
r-oldrel-osx-x86_64 1.0.5 OK

Check Details

Version: 1.0.5
Check: installed package size
Result: NOTE
     installed size is 5.7Mb
     sub-directories of 1Mb or more:
     doc 2.5Mb
     extdata 3.1Mb
Flavor: r-patched-solaris-x86