CRAN Package Check Results for Package lans2r

Last updated on 2019-07-16 00:48:13 CEST.

Flavor Version Tinstall Tcheck Ttotal Status Flags
r-devel-linux-x86_64-debian-clang 1.0.5 4.98 92.21 97.19 OK
r-devel-linux-x86_64-debian-gcc 1.0.5 4.81 68.59 73.40 OK
r-devel-linux-x86_64-fedora-clang 1.0.5 112.16 OK
r-devel-linux-x86_64-fedora-gcc 1.0.5 111.42 OK
r-devel-windows-ix86+x86_64 1.0.5 19.00 98.00 117.00 OK
r-patched-linux-x86_64 1.0.5 5.22 87.75 92.97 OK
r-patched-solaris-x86 1.0.5 199.40 NOTE
r-release-linux-x86_64 1.0.5 5.42 87.15 92.57 OK
r-release-windows-ix86+x86_64 1.0.5 13.00 166.00 179.00 OK
r-release-osx-x86_64 1.0.5 OK
r-oldrel-windows-ix86+x86_64 1.0.5 14.00 137.00 151.00 OK
r-oldrel-osx-x86_64 1.0.5 OK

Check Details

Version: 1.0.5
Check: installed package size
Result: NOTE
     installed size is 5.7Mb
     sub-directories of 1Mb or more:
     doc 2.5Mb
     extdata 3.1Mb
Flavor: r-patched-solaris-x86