CRAN Package Check Results for Package leaderCluster

Last updated on 2020-02-23 00:48:49 CET.

Flavor Version Tinstall Tcheck Ttotal Status Flags
r-devel-linux-x86_64-debian-clang 1.2 2.56 17.49 20.05 OK
r-devel-linux-x86_64-debian-gcc 1.2 1.76 13.61 15.37 OK
r-devel-linux-x86_64-fedora-clang 1.2 25.08 NOTE
r-devel-linux-x86_64-fedora-gcc 1.2 23.85 NOTE
r-devel-windows-ix86+x86_64 1.2 8.00 32.00 40.00 OK
r-devel-windows-ix86+x86_64-gcc8 1.2 10.00 49.00 59.00 OK
r-patched-linux-x86_64 1.2 OK
r-patched-solaris-x86 1.2 36.00 OK
r-release-linux-x86_64 1.2 1.95 15.64 17.59 OK
r-release-windows-ix86+x86_64 1.2 7.00 40.00 47.00 OK
r-release-osx-x86_64 1.2 OK
r-oldrel-windows-ix86+x86_64 1.2 5.00 29.00 34.00 OK
r-oldrel-osx-x86_64 1.2 OK

Check Details

Version: 1.2
Check: compiled code
Result: NOTE
    File ‘leaderCluster/libs/leaderCluster.so’:
     Found no calls to: ‘R_registerRoutines’, ‘R_useDynamicSymbols’
    
    It is good practice to register native routines and to disable symbol
    search.
    
    See ‘Writing portable packages’ in the ‘Writing R Extensions’ manual.
Flavors: r-devel-linux-x86_64-fedora-clang, r-devel-linux-x86_64-fedora-gcc