CRAN Package Check Results for Package leaderCluster

Last updated on 2019-06-18 00:51:42 CEST.

Flavor Version Tinstall Tcheck Ttotal Status Flags
r-devel-linux-x86_64-debian-clang 1.2 2.08 16.02 18.10 OK
r-devel-linux-x86_64-debian-gcc 1.2 1.83 13.27 15.10 OK
r-devel-linux-x86_64-fedora-clang 1.2 22.84 NOTE
r-devel-linux-x86_64-fedora-gcc 1.2 21.44 NOTE
r-devel-windows-ix86+x86_64 1.2 7.00 32.00 39.00 OK
r-patched-linux-x86_64 1.2 1.67 15.97 17.64 OK
r-patched-solaris-x86 1.2 37.20 OK
r-release-linux-x86_64 1.2 1.84 16.24 18.08 OK
r-release-windows-ix86+x86_64 1.2 7.00 40.00 47.00 OK
r-release-osx-x86_64 1.2 OK
r-oldrel-windows-ix86+x86_64 1.2 5.00 29.00 34.00 OK
r-oldrel-osx-x86_64 1.2 OK

Check Details

Version: 1.2
Check: compiled code
Result: NOTE
    File ‘leaderCluster/libs/leaderCluster.so’:
     Found no calls to: ‘R_registerRoutines’, ‘R_useDynamicSymbols’
    
    It is good practice to register native routines and to disable symbol
    search.
    
    See ‘Writing portable packages’ in the ‘Writing R Extensions’ manual.
Flavors: r-devel-linux-x86_64-fedora-clang, r-devel-linux-x86_64-fedora-gcc