CRAN Package Check Results for Package leafSTAR

Last updated on 2019-07-16 00:48:13 CEST.

Flavor Version Tinstall Tcheck Ttotal Status Flags
r-devel-linux-x86_64-debian-clang 1.0 2.61 21.77 24.38 OK
r-devel-linux-x86_64-debian-gcc 1.0 1.93 17.20 19.13 OK
r-devel-linux-x86_64-fedora-clang 1.0 29.20 OK
r-devel-linux-x86_64-fedora-gcc 1.0 27.42 OK
r-devel-windows-ix86+x86_64 1.0 6.00 33.00 39.00 OK
r-patched-linux-x86_64 1.0 1.93 21.30 23.23 NOTE
r-patched-solaris-x86 1.0 48.70 OK
r-release-linux-x86_64 1.0 2.55 21.44 23.99 NOTE
r-release-windows-ix86+x86_64 1.0 6.00 41.00 47.00 OK
r-release-osx-x86_64 1.0 OK
r-oldrel-windows-ix86+x86_64 1.0 4.00 30.00 34.00 OK
r-oldrel-osx-x86_64 1.0 OK

Check Details

Version: 1.0
Check: DESCRIPTION meta-information
Result: NOTE
    Dependence on R version ‘3.4.1’ not with patchlevel 0
Flavors: r-patched-linux-x86_64, r-release-linux-x86_64