CRAN Package Check Results for Package leafSTAR

Last updated on 2019-11-22 00:49:16 CET.

Flavor Version Tinstall Tcheck Ttotal Status Flags
r-devel-linux-x86_64-debian-clang 1.0 2.72 21.54 24.26 OK
r-devel-linux-x86_64-debian-gcc 1.0 2.10 17.69 19.79 OK
r-devel-linux-x86_64-fedora-clang 1.0 29.55 OK
r-devel-linux-x86_64-fedora-gcc 1.0 29.61 OK
r-devel-windows-ix86+x86_64 1.0 6.00 32.00 38.00 OK
r-devel-windows-ix86+x86_64-gcc8 1.0 7.00 32.00 39.00 OK
r-patched-linux-x86_64 1.0 1.94 21.21 23.15 NOTE
r-patched-solaris-x86 1.0 44.10 OK
r-release-linux-x86_64 1.0 2.42 20.62 23.04 NOTE
r-release-windows-ix86+x86_64 1.0 6.00 41.00 47.00 OK
r-release-osx-x86_64 1.0 OK
r-oldrel-windows-ix86+x86_64 1.0 4.00 30.00 34.00 OK
r-oldrel-osx-x86_64 1.0 OK

Check Details

Version: 1.0
Check: DESCRIPTION meta-information
Result: NOTE
    Dependence on R version ‘3.4.1’ not with patchlevel 0
Flavors: r-patched-linux-x86_64, r-release-linux-x86_64