CRAN Package Check Results for Package leafSTAR

Last updated on 2019-05-24 00:48:27 CEST.

Flavor Version Tinstall Tcheck Ttotal Status Flags
r-devel-linux-x86_64-debian-clang 1.0 2.18 20.99 23.17 OK
r-devel-linux-x86_64-debian-gcc 1.0 1.95 17.27 19.22 OK
r-devel-linux-x86_64-fedora-clang 1.0 28.24 OK
r-devel-linux-x86_64-fedora-gcc 1.0 27.08 OK
r-devel-windows-ix86+x86_64 1.0 15.00 32.00 47.00 OK
r-patched-linux-x86_64 1.0 2.00 21.16 23.16 NOTE
r-patched-solaris-x86 1.0 44.30 OK
r-release-linux-x86_64 1.0 2.21 21.30 23.51 NOTE
r-release-windows-ix86+x86_64 1.0 7.00 31.00 38.00 OK
r-release-osx-x86_64 1.0 OK
r-oldrel-windows-ix86+x86_64 1.0 4.00 30.00 34.00 OK
r-oldrel-osx-x86_64 1.0 OK

Check Details

Version: 1.0
Check: DESCRIPTION meta-information
Result: NOTE
    Dependence on R version ‘3.4.1’ not with patchlevel 0
Flavors: r-patched-linux-x86_64, r-release-linux-x86_64