CRAN Package Check Results for Package leaflet.extras

Last updated on 2019-07-16 00:48:13 CEST.

Flavor Version Tinstall Tcheck Ttotal Status Flags
r-devel-linux-x86_64-debian-clang 1.0.0 4.69 35.27 39.96 OK
r-devel-linux-x86_64-debian-gcc 1.0.0 3.47 27.62 31.09 OK
r-devel-linux-x86_64-fedora-clang 1.0.0 46.71 OK
r-devel-linux-x86_64-fedora-gcc 1.0.0 43.67 OK
r-devel-windows-ix86+x86_64 1.0.0 22.00 84.00 106.00 OK
r-patched-linux-x86_64 1.0.0 4.88 34.09 38.97 OK
r-patched-solaris-x86 1.0.0 78.80 NOTE
r-release-linux-x86_64 1.0.0 4.75 34.64 39.39 OK
r-release-windows-ix86+x86_64 1.0.0 15.00 98.00 113.00 OK
r-release-osx-x86_64 1.0.0 OK
r-oldrel-windows-ix86+x86_64 1.0.0 17.00 54.00 71.00 OK
r-oldrel-osx-x86_64 1.0.0 OK

Check Details

Version: 1.0.0
Check: installed package size
Result: NOTE
     installed size is 5.5Mb
     sub-directories of 1Mb or more:
     htmlwidgets 4.2Mb
Flavor: r-patched-solaris-x86