CRAN Package Check Results for Package leaflet

Last updated on 2019-06-18 00:51:42 CEST.

Flavor Version Tinstall Tcheck Ttotal Status Flags
r-devel-linux-x86_64-debian-clang 2.0.2 5.31 49.07 54.38 OK
r-devel-linux-x86_64-debian-gcc 2.0.2 4.68 39.85 44.53 OK
r-devel-linux-x86_64-fedora-clang 2.0.2 64.56 OK
r-devel-linux-x86_64-fedora-gcc 2.0.2 63.44 OK
r-devel-windows-ix86+x86_64 2.0.2 25.00 104.00 129.00 OK
r-patched-linux-x86_64 2.0.2 5.46 48.77 54.23 OK
r-patched-solaris-x86 2.0.2 97.50 NOTE
r-release-linux-x86_64 2.0.2 5.82 48.86 54.68 OK
r-release-windows-ix86+x86_64 2.0.2 14.00 70.00 84.00 OK
r-release-osx-x86_64 2.0.2 OK
r-oldrel-windows-ix86+x86_64 2.0.2 10.00 91.00 101.00 OK
r-oldrel-osx-x86_64 2.0.2 OK

Check Details

Version: 2.0.2
Check: installed package size
Result: NOTE
     installed size is 5.4Mb
     sub-directories of 1Mb or more:
     htmlwidgets 3.9Mb
Flavor: r-patched-solaris-x86