CRAN Package Check Results for Package leaflet

Last updated on 2019-09-17 00:49:17 CEST.

Flavor Version Tinstall Tcheck Ttotal Status Flags
r-devel-linux-x86_64-debian-clang 2.0.2 5.59 48.23 53.82 OK
r-devel-linux-x86_64-debian-gcc 2.0.2 OK
r-devel-linux-x86_64-fedora-clang 2.0.2 65.19 OK
r-devel-linux-x86_64-fedora-gcc 2.0.2 64.57 OK
r-devel-windows-ix86+x86_64 2.0.2 26.00 99.00 125.00 OK
r-patched-linux-x86_64 2.0.2 5.26 47.51 52.77 OK
r-patched-solaris-x86 2.0.2 95.40 NOTE
r-release-linux-x86_64 2.0.2 6.29 47.97 54.26 OK
r-release-windows-ix86+x86_64 2.0.2 14.00 68.00 82.00 OK
r-release-osx-x86_64 2.0.2 OK
r-oldrel-windows-ix86+x86_64 2.0.2 19.00 73.00 92.00 OK
r-oldrel-osx-x86_64 2.0.2 OK

Check Details

Version: 2.0.2
Check: installed package size
Result: NOTE
     installed size is 5.4Mb
     sub-directories of 1Mb or more:
     htmlwidgets 3.9Mb
Flavor: r-patched-solaris-x86