CRAN Package Check Results for Package leafletCN

Last updated on 2019-07-16 00:48:13 CEST.

Flavor Version Tinstall Tcheck Ttotal Status Flags
r-devel-linux-x86_64-debian-clang 0.2.1 4.62 40.80 45.42 OK
r-devel-linux-x86_64-debian-gcc 0.2.1 3.86 32.00 35.86 OK
r-devel-linux-x86_64-fedora-clang 0.2.1 52.92 NOTE
r-devel-linux-x86_64-fedora-gcc 0.2.1 50.67 NOTE
r-devel-windows-ix86+x86_64 0.2.1 21.00 85.00 106.00 NOTE
r-patched-linux-x86_64 0.2.1 5.20 39.85 45.05 OK
r-patched-solaris-x86 0.2.1 92.10 NOTE
r-release-linux-x86_64 0.2.1 4.46 39.75 44.21 OK
r-release-windows-ix86+x86_64 0.2.1 14.00 90.00 104.00 NOTE
r-release-osx-x86_64 0.2.1 NOTE
r-oldrel-windows-ix86+x86_64 0.2.1 25.00 54.00 79.00 NOTE
r-oldrel-osx-x86_64 0.2.1 NOTE

Check Details

Version: 0.2.1
Check: installed package size
Result: NOTE
     installed size is 12.1Mb
     sub-directories of 1Mb or more:
     geojson 11.9Mb
Flavors: r-devel-linux-x86_64-fedora-clang, r-devel-windows-ix86+x86_64, r-patched-solaris-x86, r-release-windows-ix86+x86_64, r-release-osx-x86_64, r-oldrel-windows-ix86+x86_64, r-oldrel-osx-x86_64

Version: 0.2.1
Check: dependencies in R code
Result: NOTE
    Namespace in Imports field not imported from: ‘rgeos’
     All declared Imports should be used.
Flavors: r-devel-linux-x86_64-fedora-clang, r-devel-linux-x86_64-fedora-gcc, r-patched-solaris-x86, r-release-osx-x86_64, r-oldrel-osx-x86_64

Version: 0.2.1
Check: data for non-ASCII characters
Result: NOTE
     Note: found 1096 marked UTF-8 strings
Flavors: r-devel-linux-x86_64-fedora-clang, r-devel-linux-x86_64-fedora-gcc, r-patched-solaris-x86, r-release-osx-x86_64, r-oldrel-osx-x86_64