CRAN Package Check Results for Package leafletCN

Last updated on 2019-10-15 00:49:58 CEST.

Flavor Version Tinstall Tcheck Ttotal Status Flags
r-devel-linux-x86_64-debian-clang 0.2.1 4.98 39.15 44.13 OK
r-devel-linux-x86_64-debian-gcc 0.2.1 4.84 31.99 36.83 OK
r-devel-linux-x86_64-fedora-clang 0.2.1 54.88 NOTE
r-devel-linux-x86_64-fedora-gcc 0.2.1 53.79 NOTE
r-devel-windows-ix86+x86_64 0.2.1 19.00 55.00 74.00 NOTE
r-patched-linux-x86_64 0.2.1 5.18 38.44 43.62 OK
r-patched-solaris-x86 0.2.1 82.40 NOTE
r-release-linux-x86_64 0.2.1 4.49 38.23 42.72 OK
r-release-windows-ix86+x86_64 0.2.1 23.00 77.00 100.00 NOTE
r-release-osx-x86_64 0.2.1 NOTE
r-oldrel-windows-ix86+x86_64 0.2.1 10.00 50.00 60.00 NOTE
r-oldrel-osx-x86_64 0.2.1 NOTE

Check Details

Version: 0.2.1
Check: installed package size
Result: NOTE
     installed size is 12.1Mb
     sub-directories of 1Mb or more:
     geojson 11.9Mb
Flavors: r-devel-linux-x86_64-fedora-clang, r-devel-windows-ix86+x86_64, r-patched-solaris-x86, r-release-windows-ix86+x86_64, r-release-osx-x86_64, r-oldrel-windows-ix86+x86_64, r-oldrel-osx-x86_64

Version: 0.2.1
Check: dependencies in R code
Result: NOTE
    Namespace in Imports field not imported from: ‘rgeos’
     All declared Imports should be used.
Flavors: r-devel-linux-x86_64-fedora-clang, r-devel-linux-x86_64-fedora-gcc, r-patched-solaris-x86, r-release-osx-x86_64, r-oldrel-osx-x86_64

Version: 0.2.1
Check: data for non-ASCII characters
Result: NOTE
     Note: found 1096 marked UTF-8 strings
Flavors: r-devel-linux-x86_64-fedora-clang, r-devel-linux-x86_64-fedora-gcc, r-patched-solaris-x86, r-release-osx-x86_64, r-oldrel-osx-x86_64