CRAN Package Check Results for Package libsoc

Last updated on 2018-04-23 00:46:52 CEST.

Flavor Version Tinstall Tcheck Ttotal Status Flags
r-devel-linux-x86_64-debian-clang 0.6.4 26.75 37.04 63.79 OK
r-devel-linux-x86_64-debian-gcc 0.6.4 19.91 32.10 52.01 OK
r-devel-linux-x86_64-fedora-clang 0.6.4 84.47 OK
r-devel-linux-x86_64-fedora-gcc 0.6.4 81.59 OK
r-devel-windows-ix86+x86_64 0.6.4 167.00 67.00 234.00 NOTE
r-devel-osx-x86_64 0.6.4 OK
r-patched-linux-x86_64 0.6.4 28.18 39.82 68.00 OK
r-patched-solaris-x86 0.6.4 109.70 OK
r-release-linux-x86_64 0.6.4 16.56 44.49 61.05 OK
r-release-windows-ix86+x86_64 0.6.4 151.00 68.00 219.00 NOTE
r-release-osx-x86_64 0.6.4 OK
r-oldrel-windows-ix86+x86_64 0.6.4 151.00 61.00 212.00 NOTE

Check Details

Version: 0.6.4
Check: installed package size
Result: NOTE
     installed size is 5.8Mb
     sub-directories of 1Mb or more:
     libs 4.6Mb
Flavors: r-devel-windows-ix86+x86_64, r-release-windows-ix86+x86_64, r-oldrel-windows-ix86+x86_64