CRAN Package Check Results for Package libsoc

Last updated on 2019-01-19 00:46:31 CET.

Flavor Version Tinstall Tcheck Ttotal Status Flags
r-devel-linux-x86_64-debian-clang 0.6.4 24.17 45.09 69.26 OK
r-devel-linux-x86_64-debian-gcc 0.6.4 19.65 35.65 55.30 OK
r-devel-linux-x86_64-fedora-clang 0.6.4 85.86 OK
r-devel-linux-x86_64-fedora-gcc 0.6.4 79.38 OK
r-devel-windows-ix86+x86_64 0.6.4 151.00 107.00 258.00 NOTE
r-patched-linux-x86_64 0.6.4 24.92 41.01 65.93 OK
r-patched-solaris-x86 0.6.4 115.30 OK
r-release-linux-x86_64 0.6.4 27.03 40.85 67.88 OK
r-release-windows-ix86+x86_64 0.6.4 149.00 96.00 245.00 NOTE
r-release-osx-x86_64 0.6.4 OK
r-oldrel-windows-ix86+x86_64 0.6.4 169.00 80.00 249.00 NOTE
r-oldrel-osx-x86_64 0.6.4 OK

Check Details

Version: 0.6.4
Check: installed package size
Result: NOTE
     installed size is 5.6Mb
     sub-directories of 1Mb or more:
     libs 4.6Mb
Flavors: r-devel-windows-ix86+x86_64, r-release-windows-ix86+x86_64, r-oldrel-windows-ix86+x86_64