CRAN Package Check Results for Package libsoc

Last updated on 2018-07-23 00:51:13 CEST.

Flavor Version Tinstall Tcheck Ttotal Status Flags
r-devel-linux-x86_64-debian-clang 0.6.4 23.22 41.30 64.52 OK
r-devel-linux-x86_64-debian-gcc 0.6.4 18.66 32.81 51.47 OK
r-devel-linux-x86_64-fedora-clang 0.6.4 77.79 OK
r-devel-linux-x86_64-fedora-gcc 0.6.4 76.67 OK
r-devel-windows-ix86+x86_64 0.6.4 154.00 73.00 227.00 NOTE
r-patched-linux-x86_64 0.6.4 OK
r-patched-solaris-x86 0.6.4 109.00 OK
r-release-linux-x86_64 0.6.4 26.89 40.83 67.72 OK
r-release-windows-ix86+x86_64 0.6.4 114.00 105.00 219.00 NOTE
r-release-osx-x86_64 0.6.4 OK
r-oldrel-windows-ix86+x86_64 0.6.4 106.00 112.00 218.00 NOTE
r-oldrel-osx-x86_64 0.6.4 OK

Check Details

Version: 0.6.4
Check: installed package size
Result: NOTE
     installed size is 5.6Mb
     sub-directories of 1Mb or more:
     libs 4.6Mb
Flavors: r-devel-windows-ix86+x86_64, r-release-windows-ix86+x86_64, r-oldrel-windows-ix86+x86_64