CRAN Package Check Results for Package libsoc

Last updated on 2018-10-18 00:48:13 CEST.

Flavor Version Tinstall Tcheck Ttotal Status Flags
r-devel-linux-x86_64-debian-clang 0.6.4 25.07 42.77 67.84 OK
r-devel-linux-x86_64-debian-gcc 0.6.4 19.37 33.75 53.12 OK
r-devel-linux-x86_64-fedora-clang 0.6.4 80.57 OK
r-devel-linux-x86_64-fedora-gcc 0.6.4 77.75 OK
r-devel-windows-ix86+x86_64 0.6.4 163.00 95.00 258.00 NOTE
r-patched-linux-x86_64 0.6.4 25.68 40.50 66.18 OK
r-patched-solaris-x86 0.6.4 108.40 OK
r-release-linux-x86_64 0.6.4 24.91 40.22 65.13 OK
r-release-windows-ix86+x86_64 0.6.4 118.00 92.00 210.00 NOTE
r-release-osx-x86_64 0.6.4 OK
r-oldrel-windows-ix86+x86_64 0.6.4 148.00 79.00 227.00 NOTE
r-oldrel-osx-x86_64 0.6.4 OK

Check Details

Version: 0.6.4
Check: installed package size
Result: NOTE
     installed size is 5.6Mb
     sub-directories of 1Mb or more:
     libs 4.6Mb
Flavors: r-devel-windows-ix86+x86_64, r-release-windows-ix86+x86_64, r-oldrel-windows-ix86+x86_64